{"id":866,"date":"2021-03-02T16:20:42","date_gmt":"2021-03-02T19:20:42","guid":{"rendered":"https:\/\/elosolucao.com.br\/loja\/?post_type=product&#038;p=866"},"modified":"2026-04-17T14:48:32","modified_gmt":"2026-04-17T17:48:32","slug":"pallet-plastico-pesado","status":"publish","type":"product","link":"https:\/\/elosolucao.com.br\/loja\/produto\/pallet-plastico-pesado\/","title":{"rendered":"Pallet de Pl\u00e1stico Pesado 1,00&#215;1,20"},"content":{"rendered":"<p>O<strong> Pallet Pl\u00e1stico Pesado<\/strong>\u00a0da Elo Solu\u00e7\u00e3o \u00e9 fabricado sob o mais alto padr\u00e3o mundial de seguran\u00e7a.<\/p>\n<p>Utiliza PEAD (Polietileno de Alta Densidade) ou Polipropileno como mat\u00e9ria prima. S\u00e3o tran\u00e7ados para suportar armazenagem em porta\u00a0<strong>pallets<\/strong>, transporte de cargas, manipula\u00e7\u00e3o de alimentos, pr\u00f3prio para exporta\u00e7\u00e3o, log\u00edstica reversa, etc.<\/p>\n<p>S\u00e3o facilmente higieniz\u00e1veis e sua qualidade permanece inalterada a \u00e1cidos, gorduras, solventes e odores. Al\u00e9m disso, possui excelente armazenagem e sua vida \u00fatil \u00e9 de 10 anos, em m\u00e9dia.<\/p>\n<p>O\u00a0<strong>pallet pl\u00e1stico Pesado<\/strong>\u00a0atende a diversos segmentos, tais como: laborat\u00f3rios farmac\u00eauticos e cosm\u00e9ticos, ind\u00fastria aliment\u00edcia, fabricantes e distribuidores de \u00e1gua e refrigerantes, cervejarias, centros atacadistas, entre outros.<\/p>\n<div>\n<p><strong>Produto Certificado \u2013 Norma ABNT NBR 16242:2016 <\/strong>Nosso\u00a0<strong>Pallet de pl\u00e1stico leve vazado\u00a0<\/strong>atende a diversos segmentos, tais como:<\/p>\n<ul>\n<li>Laborat\u00f3rios Farmac\u00eauticos e Cosm\u00e9ticos,<\/li>\n<li>Ind\u00fastria Aliment\u00edcia<\/li>\n<li>Fabricantes e Distribuidores de \u00e1gua e refrigerantes<\/li>\n<li>Cervejarias<\/li>\n<li>Centros atacadistas<\/li>\n<\/ul>\n<p>Os pallets de pl\u00e1stico da Elo Solu\u00e7\u00e3o s\u00e3o ideais para armazenamento e manuseio de cargas, manipula\u00e7\u00e3o de alimentos, produtos laboratoriais, farmac\u00eauticos e log\u00edstica reversa.<\/p>\n<\/div>\n<p>Entre em contato conosco e Solicite um Or\u00e7amento:<\/p>\n<p><a href=\"https:\/\/api.whatsapp.com\/send?phone=5511940780700&amp;text=Ol%C3%A1%20Elo%20Solu%C3%A7%C3%A3o,%20estava%20na%20loja%20virtual%20e%20gostaria%20de%20solicitar%20um%20or%C3%A7amento!\">(11) 94078-0700 &#8211; WhatsApp<\/a><\/p>\n<p><a href=\"https:\/\/loja.elosolucao.com.br\">(Clique aqui e confira todos os nossos produtos em nossa loja)<\/a><\/p>\n<p>&nbsp;<\/p>\n","protected":false},"excerpt":{"rendered":"<p><strong>DIMENS\u00d5ES:<\/strong><\/p>\n<p><strong>Largura:<\/strong> 100 cm<br \/>\n<strong>Altura:<\/strong> 15cm<br \/>\n<strong>Comprimento:<\/strong>\u00a0120cm<br \/>\n<strong>Peso:<\/strong> 13,5kg<\/p>\n<p><strong>Capacidade Est\u00e1tica:\u00a0<\/strong>5.000 Kg<br \/>\n<strong>Capacidade Din\u00e2mica:<\/strong> 1.500Kg<br \/>\n<strong>Capacidade no Rack:<\/strong> 800Kg<\/p>\n","protected":false},"featured_media":7230,"template":"","meta":[],"product_brand":[],"product_cat":[84],"product_tag":[290,292,287,293,289,288,291],"class_list":{"0":"post-866","1":"product","2":"type-product","3":"status-publish","4":"has-post-thumbnail","6":"product_cat-pallets-de-plastico","7":"product_tag-palete","8":"product_tag-palete-plastico-forte","9":"product_tag-pallet","10":"product_tag-pallet-pbr","11":"product_tag-pallet-pesado","12":"product_tag-pallet-plastico","13":"product_tag-pallete-de-plastico","15":"first","16":"instock","17":"shipping-taxable","18":"purchasable","19":"product-type-simple"},"yoast_head":"<!-- This site is optimized with the Yoast SEO Premium plugin v22.0 (Yoast SEO v21.7) - https:\/\/yoast.com\/wordpress\/plugins\/seo\/ -->\n<title>Pallet de Pl\u00e1stico Pesado 1,00x1,20 - Elo Solu\u00e7\u00e3o<\/title>\n<meta name=\"description\" content=\"O\u00a0pallet de pl\u00e1stico Pesado\u00a0atende a diversos segmentos do mercado como Ind\u00fastrias e com\u00e9rcios em geral. ideais para armazenamento e manuseio de cargas.\" \/>\n<meta name=\"robots\" content=\"index, follow, max-snippet:-1, max-image-preview:large, max-video-preview:-1\" \/>\n<link rel=\"canonical\" href=\"https:\/\/elosolucao.com.br\/loja\/produto\/pallet-plastico-pesado\/\" \/>\n<meta property=\"og:locale\" content=\"pt_BR\" \/>\n<meta property=\"og:type\" content=\"article\" \/>\n<meta property=\"og:title\" content=\"Pallet de Pl\u00e1stico Pesado 1,00x1,20\" \/>\n<meta property=\"og:description\" content=\"O\u00a0pallet de pl\u00e1stico Pesado\u00a0atende a diversos segmentos do mercado como Ind\u00fastrias e com\u00e9rcios em geral. ideais para armazenamento e manuseio de cargas.\" \/>\n<meta property=\"og:url\" content=\"https:\/\/elosolucao.com.br\/loja\/produto\/pallet-plastico-pesado\/\" \/>\n<meta property=\"og:site_name\" content=\"Elo Solu\u00e7\u00e3o\" \/>\n<meta property=\"article:publisher\" content=\"https:\/\/www.facebook.com\/elosolucao.br\" \/>\n<meta property=\"article:modified_time\" content=\"2026-04-17T17:48:32+00:00\" \/>\n<meta property=\"og:image\" content=\"https:\/\/elosolucao.com.br\/loja\/wp-content\/uploads\/2021\/03\/Design-sem-nome-3.jpg\" \/>\n\t<meta property=\"og:image:width\" content=\"1080\" \/>\n\t<meta property=\"og:image:height\" content=\"1080\" \/>\n\t<meta property=\"og:image:type\" content=\"image\/jpeg\" \/>\n<meta name=\"twitter:card\" content=\"summary_large_image\" \/>\n<meta name=\"twitter:label1\" content=\"Est. tempo de leitura\" \/>\n\t<meta name=\"twitter:data1\" content=\"2 minutos\" \/>\n<script type=\"application\/ld+json\" class=\"yoast-schema-graph\">{\"@context\":\"https:\/\/schema.org\",\"@graph\":[{\"@type\":\"WebPage\",\"@id\":\"https:\/\/elosolucao.com.br\/loja\/produto\/pallet-plastico-pesado\/\",\"url\":\"https:\/\/elosolucao.com.br\/loja\/produto\/pallet-plastico-pesado\/\",\"name\":\"Pallet de Pl\u00e1stico Pesado 1,00x1,20 - Elo Solu\u00e7\u00e3o\",\"isPartOf\":{\"@id\":\"https:\/\/elosolucao.com.br\/loja\/#website\"},\"datePublished\":\"2021-03-02T19:20:42+00:00\",\"dateModified\":\"2026-04-17T17:48:32+00:00\",\"description\":\"O\u00a0pallet de pl\u00e1stico Pesado\u00a0atende a diversos segmentos do mercado como Ind\u00fastrias e com\u00e9rcios em geral. ideais para armazenamento e manuseio de cargas.\",\"breadcrumb\":{\"@id\":\"https:\/\/elosolucao.com.br\/loja\/produto\/pallet-plastico-pesado\/#breadcrumb\"},\"inLanguage\":\"pt-BR\",\"potentialAction\":[{\"@type\":\"ReadAction\",\"target\":[\"https:\/\/elosolucao.com.br\/loja\/produto\/pallet-plastico-pesado\/\"]}]},{\"@type\":\"BreadcrumbList\",\"@id\":\"https:\/\/elosolucao.com.br\/loja\/produto\/pallet-plastico-pesado\/#breadcrumb\",\"itemListElement\":[{\"@type\":\"ListItem\",\"position\":1,\"name\":\"In\u00edcio\",\"item\":\"https:\/\/elosolucao.com.br\/loja\/\"},{\"@type\":\"ListItem\",\"position\":2,\"name\":\"Loja\",\"item\":\"https:\/\/elosolucao.com.br\/loja\/loja\/\"},{\"@type\":\"ListItem\",\"position\":3,\"name\":\"Pallet de Pl\u00e1stico Pesado 1,00&#215;1,20\"}]},{\"@type\":\"WebSite\",\"@id\":\"https:\/\/elosolucao.com.br\/loja\/#website\",\"url\":\"https:\/\/elosolucao.com.br\/loja\/\",\"name\":\"Elo Solu\u00e7\u00e3o\",\"description\":\"Entendendo sua necessidade e solucionando com Produtos.\",\"publisher\":{\"@id\":\"https:\/\/elosolucao.com.br\/loja\/#organization\"},\"potentialAction\":[{\"@type\":\"SearchAction\",\"target\":{\"@type\":\"EntryPoint\",\"urlTemplate\":\"https:\/\/elosolucao.com.br\/loja\/?s={search_term_string}\"},\"query-input\":\"required name=search_term_string\"}],\"inLanguage\":\"pt-BR\"},{\"@type\":\"Organization\",\"@id\":\"https:\/\/elosolucao.com.br\/loja\/#organization\",\"name\":\"Elo Solu\u00e7\u00e3o\",\"url\":\"https:\/\/elosolucao.com.br\/loja\/\",\"logo\":{\"@type\":\"ImageObject\",\"inLanguage\":\"pt-BR\",\"@id\":\"https:\/\/elosolucao.com.br\/loja\/#\/schema\/logo\/image\/\",\"url\":\"https:\/\/elosolucao.com.br\/loja\/wp-content\/uploads\/2021\/03\/Logo-sem-fundo.png\",\"contentUrl\":\"https:\/\/elosolucao.com.br\/loja\/wp-content\/uploads\/2021\/03\/Logo-sem-fundo.png\",\"width\":707,\"height\":353,\"caption\":\"Elo Solu\u00e7\u00e3o\"},\"image\":{\"@id\":\"https:\/\/elosolucao.com.br\/loja\/#\/schema\/logo\/image\/\"},\"sameAs\":[\"https:\/\/www.facebook.com\/elosolucao.br\",\"https:\/\/instagram.com\/elo_solucao\",\"https:\/\/www.youtube.com\/channel\/UCsSlrhz3DzWElX1ZcW2AIyg\/featured\"]}]}<\/script>\n<!-- \/ Yoast SEO Premium plugin. -->","yoast_head_json":{"title":"Pallet de Pl\u00e1stico Pesado 1,00x1,20 - Elo Solu\u00e7\u00e3o","description":"O\u00a0pallet de pl\u00e1stico Pesado\u00a0atende a diversos segmentos do mercado como Ind\u00fastrias e com\u00e9rcios em geral. ideais para armazenamento e manuseio de cargas.","robots":{"index":"index","follow":"follow","max-snippet":"max-snippet:-1","max-image-preview":"max-image-preview:large","max-video-preview":"max-video-preview:-1"},"canonical":"https:\/\/elosolucao.com.br\/loja\/produto\/pallet-plastico-pesado\/","og_locale":"pt_BR","og_type":"article","og_title":"Pallet de Pl\u00e1stico Pesado 1,00x1,20","og_description":"O\u00a0pallet de pl\u00e1stico Pesado\u00a0atende a diversos segmentos do mercado como Ind\u00fastrias e com\u00e9rcios em geral. ideais para armazenamento e manuseio de cargas.","og_url":"https:\/\/elosolucao.com.br\/loja\/produto\/pallet-plastico-pesado\/","og_site_name":"Elo Solu\u00e7\u00e3o","article_publisher":"https:\/\/www.facebook.com\/elosolucao.br","article_modified_time":"2026-04-17T17:48:32+00:00","og_image":[{"width":1080,"height":1080,"url":"https:\/\/elosolucao.com.br\/loja\/wp-content\/uploads\/2021\/03\/Design-sem-nome-3.jpg","type":"image\/jpeg"}],"twitter_card":"summary_large_image","twitter_misc":{"Est. tempo de leitura":"2 minutos"},"schema":{"@context":"https:\/\/schema.org","@graph":[{"@type":"WebPage","@id":"https:\/\/elosolucao.com.br\/loja\/produto\/pallet-plastico-pesado\/","url":"https:\/\/elosolucao.com.br\/loja\/produto\/pallet-plastico-pesado\/","name":"Pallet de Pl\u00e1stico Pesado 1,00x1,20 - Elo Solu\u00e7\u00e3o","isPartOf":{"@id":"https:\/\/elosolucao.com.br\/loja\/#website"},"datePublished":"2021-03-02T19:20:42+00:00","dateModified":"2026-04-17T17:48:32+00:00","description":"O\u00a0pallet de pl\u00e1stico Pesado\u00a0atende a diversos segmentos do mercado como Ind\u00fastrias e com\u00e9rcios em geral. ideais para armazenamento e manuseio de cargas.","breadcrumb":{"@id":"https:\/\/elosolucao.com.br\/loja\/produto\/pallet-plastico-pesado\/#breadcrumb"},"inLanguage":"pt-BR","potentialAction":[{"@type":"ReadAction","target":["https:\/\/elosolucao.com.br\/loja\/produto\/pallet-plastico-pesado\/"]}]},{"@type":"BreadcrumbList","@id":"https:\/\/elosolucao.com.br\/loja\/produto\/pallet-plastico-pesado\/#breadcrumb","itemListElement":[{"@type":"ListItem","position":1,"name":"In\u00edcio","item":"https:\/\/elosolucao.com.br\/loja\/"},{"@type":"ListItem","position":2,"name":"Loja","item":"https:\/\/elosolucao.com.br\/loja\/loja\/"},{"@type":"ListItem","position":3,"name":"Pallet de Pl\u00e1stico Pesado 1,00&#215;1,20"}]},{"@type":"WebSite","@id":"https:\/\/elosolucao.com.br\/loja\/#website","url":"https:\/\/elosolucao.com.br\/loja\/","name":"Elo Solu\u00e7\u00e3o","description":"Entendendo sua necessidade e solucionando com Produtos.","publisher":{"@id":"https:\/\/elosolucao.com.br\/loja\/#organization"},"potentialAction":[{"@type":"SearchAction","target":{"@type":"EntryPoint","urlTemplate":"https:\/\/elosolucao.com.br\/loja\/?s={search_term_string}"},"query-input":"required name=search_term_string"}],"inLanguage":"pt-BR"},{"@type":"Organization","@id":"https:\/\/elosolucao.com.br\/loja\/#organization","name":"Elo Solu\u00e7\u00e3o","url":"https:\/\/elosolucao.com.br\/loja\/","logo":{"@type":"ImageObject","inLanguage":"pt-BR","@id":"https:\/\/elosolucao.com.br\/loja\/#\/schema\/logo\/image\/","url":"https:\/\/elosolucao.com.br\/loja\/wp-content\/uploads\/2021\/03\/Logo-sem-fundo.png","contentUrl":"https:\/\/elosolucao.com.br\/loja\/wp-content\/uploads\/2021\/03\/Logo-sem-fundo.png","width":707,"height":353,"caption":"Elo Solu\u00e7\u00e3o"},"image":{"@id":"https:\/\/elosolucao.com.br\/loja\/#\/schema\/logo\/image\/"},"sameAs":["https:\/\/www.facebook.com\/elosolucao.br","https:\/\/instagram.com\/elo_solucao","https:\/\/www.youtube.com\/channel\/UCsSlrhz3DzWElX1ZcW2AIyg\/featured"]}]}},"_links":{"self":[{"href":"https:\/\/elosolucao.com.br\/loja\/wp-json\/wp\/v2\/product\/866","targetHints":{"allow":["GET"]}}],"collection":[{"href":"https:\/\/elosolucao.com.br\/loja\/wp-json\/wp\/v2\/product"}],"about":[{"href":"https:\/\/elosolucao.com.br\/loja\/wp-json\/wp\/v2\/types\/product"}],"version-history":[{"count":0,"href":"https:\/\/elosolucao.com.br\/loja\/wp-json\/wp\/v2\/product\/866\/revisions"}],"wp:featuredmedia":[{"embeddable":true,"href":"https:\/\/elosolucao.com.br\/loja\/wp-json\/wp\/v2\/media\/7230"}],"wp:attachment":[{"href":"https:\/\/elosolucao.com.br\/loja\/wp-json\/wp\/v2\/media?parent=866"}],"wp:term":[{"taxonomy":"product_brand","embeddable":true,"href":"https:\/\/elosolucao.com.br\/loja\/wp-json\/wp\/v2\/product_brand?post=866"},{"taxonomy":"product_cat","embeddable":true,"href":"https:\/\/elosolucao.com.br\/loja\/wp-json\/wp\/v2\/product_cat?post=866"},{"taxonomy":"product_tag","embeddable":true,"href":"https:\/\/elosolucao.com.br\/loja\/wp-json\/wp\/v2\/product_tag?post=866"}],"curies":[{"name":"wp","href":"https:\/\/api.w.org\/{rel}","templated":true}]}}