{"id":637,"date":"2021-02-25T12:04:11","date_gmt":"2021-02-25T15:04:11","guid":{"rendered":"https:\/\/elosolucao.com.br\/loja\/?post_type=product&#038;p=637"},"modified":"2026-04-22T12:40:33","modified_gmt":"2026-04-22T15:40:33","slug":"lixeira-basculante-60l","status":"publish","type":"product","link":"https:\/\/elosolucao.com.br\/loja\/produto\/lixeira-basculante-60l\/","title":{"rendered":"Lixeira Basculante 60L"},"content":{"rendered":"<h1>Lixeira Coleta Seletiva 60L<\/h1>\n<p>Lixeira Coleta Seletiva 60L da Elo Solu\u00e7\u00e3o \u00e9 indicada para facilitar o descarte e a separa\u00e7\u00e3o correta de res\u00edduos em qualquer ambiente, seja em empresas, ind\u00fastrias, condom\u00ednios, shoppings e resid\u00eancias.<\/p>\n<p>Fabricadas em Polietileno(PEAD) ou Polipropileno (PP), possuem tampa basculante (vai e vem), produzidas com alto padr\u00e3o de tecnologia e qualidade.<\/p>\n<p>De olho no processo de\u00a0<a href=\"https:\/\/elosolucao.com.br\/importancia-da-reciclagem\/\">Reciclagem<\/a>, s\u00e3o divididas em 9 cores para facilitar a separa\u00e7\u00e3o e o descarte do lixo, s\u00e3o ainda resistentes e de f\u00e1cil higieniza\u00e7\u00e3o.<\/p>\n<p>Al\u00e9m de sustent\u00e1veis, est\u00e3o cada vez mais sendo utilizadas pelas ind\u00fastrias e empresas, afim de conscientizar seus colaboradores sobre a import\u00e2ncia da separa\u00e7\u00e3o do lixo e da\u00a0<a href=\"https:\/\/www.significados.com.br\/coleta-seletiva\/\">Coleta Seletiva<\/a>.<\/p>\n<p>Contudo, as lixeiras possuem um sistema de encaixe, o que lhes permitem serem facilmente encaixadas umas as outras, al\u00e9m de serem resistentes e dur\u00e1veis, tornando-se o produto do segmento de lixeira mais indicado para a Coleta de lixo recicl\u00e1vel.<\/p>\n<p>Atendem as mais rigorosas normas da vigil\u00e2ncia sanit\u00e1ria (ANVISA), com a garantia de ser o melhor produto do mercado.<\/p>\n<p>As lixeira seletivas s\u00e3o fabricadas nas cores: Azul, Vermelho, Amarelo, Verde, Marrom, Cinza, Branco, Preto e Laranja.<\/p>\n<p>Resistentes a impactos e repetidas lavagens, al\u00e9m de serem s\u00e3o compat\u00edveis com sacos de 60 Litros.<\/p>\n<p><strong>Cores: Verde, Azul, Vermelho, Amarelo, Cinza, Laranja, Preta, Branca e Marrom.<\/strong><\/p>\n","protected":false},"excerpt":{"rendered":"<p><strong>Dimens\u00f5es:<\/strong><br \/>\n<strong>Largura:<\/strong> 38cm<br \/>\n<strong>Altura:<\/strong> 72cm<br \/>\n<strong>Comprimento:<\/strong> 38cm<br \/>\n<strong>Peso:<\/strong> 2,2kg<\/p>\n","protected":false},"featured_media":7241,"template":"","meta":[],"product_brand":[],"product_cat":[86,69],"product_tag":[129,130,128,139,131,132,135,134,136,137,138,133,142,141,140,143],"class_list":{"0":"post-637","1":"product","2":"type-product","3":"status-publish","4":"has-post-thumbnail","6":"product_cat-cestos-de-lixo","7":"product_cat-coleta-seletiva","8":"product_tag-cesto-de-lixo-para-coleta-seletiva","9":"product_tag-cesto-de-lixo-para-condominio","10":"product_tag-cesto-de-lixo-reciclavel","11":"product_tag-coletor-de-lixo-reciclavel","12":"product_tag-conjunto-coleta-seletiva","13":"product_tag-conjunto-de-coleta-seletiva","14":"product_tag-lixeira-coleta-seletiva","15":"product_tag-lixeira-com-tampa","16":"product_tag-lixeira-para-coleta-seletiva","17":"product_tag-lixeira-para-condominio","18":"product_tag-lixeira-tampa-basculante","19":"product_tag-lixeiras-coleta-seletiva","20":"product_tag-lixeiras-para-lixo-reciclavel","21":"product_tag-lixeiras-para-reciclaveis","22":"product_tag-lixeiras-reciclaveis-preco","23":"product_tag-lixeiras-seletivas","24":"pa_cor-amarelo","25":"pa_cor-azul","26":"pa_cor-branco","27":"pa_cor-cinza","28":"pa_cor-laranja","29":"pa_cor-marrom","30":"pa_cor-preta","31":"pa_cor-verde","32":"pa_cor-vermelho","34":"first","35":"instock","36":"shipping-taxable","37":"purchasable","38":"product-type-simple"},"yoast_head":"<!-- This site is optimized with the Yoast SEO Premium plugin v22.0 (Yoast SEO v21.7) - https:\/\/yoast.com\/wordpress\/plugins\/seo\/ -->\n<title>Lixeira Basculante 60L - Elo Solu\u00e7\u00e3o<\/title>\n<meta name=\"robots\" content=\"index, follow, max-snippet:-1, max-image-preview:large, max-video-preview:-1\" \/>\n<link rel=\"canonical\" href=\"https:\/\/elosolucao.com.br\/loja\/produto\/lixeira-basculante-60l\/\" \/>\n<meta property=\"og:locale\" content=\"pt_BR\" \/>\n<meta property=\"og:type\" content=\"article\" \/>\n<meta property=\"og:title\" content=\"Lixeira Basculante 60L\" \/>\n<meta property=\"og:description\" content=\"Dimens\u00f5es: Largura: 38cm Altura: 72cm Comprimento: 38cm Peso: 2,2kg\" \/>\n<meta property=\"og:url\" content=\"https:\/\/elosolucao.com.br\/loja\/produto\/lixeira-basculante-60l\/\" \/>\n<meta property=\"og:site_name\" content=\"Elo Solu\u00e7\u00e3o\" \/>\n<meta property=\"article:publisher\" content=\"https:\/\/www.facebook.com\/elosolucao.br\" \/>\n<meta property=\"article:modified_time\" content=\"2026-04-22T15:40:33+00:00\" \/>\n<meta property=\"og:image\" content=\"https:\/\/elosolucao.com.br\/loja\/wp-content\/uploads\/2021\/02\/Design-sem-nome-9.jpg\" \/>\n\t<meta property=\"og:image:width\" content=\"1080\" \/>\n\t<meta property=\"og:image:height\" content=\"1080\" \/>\n\t<meta property=\"og:image:type\" content=\"image\/jpeg\" \/>\n<meta name=\"twitter:card\" content=\"summary_large_image\" \/>\n<meta name=\"twitter:label1\" content=\"Est. tempo de leitura\" \/>\n\t<meta name=\"twitter:data1\" content=\"2 minutos\" \/>\n<script type=\"application\/ld+json\" class=\"yoast-schema-graph\">{\"@context\":\"https:\/\/schema.org\",\"@graph\":[{\"@type\":\"WebPage\",\"@id\":\"https:\/\/elosolucao.com.br\/loja\/produto\/lixeira-basculante-60l\/\",\"url\":\"https:\/\/elosolucao.com.br\/loja\/produto\/lixeira-basculante-60l\/\",\"name\":\"Lixeira Basculante 60L - Elo Solu\u00e7\u00e3o\",\"isPartOf\":{\"@id\":\"https:\/\/elosolucao.com.br\/loja\/#website\"},\"datePublished\":\"2021-02-25T15:04:11+00:00\",\"dateModified\":\"2026-04-22T15:40:33+00:00\",\"breadcrumb\":{\"@id\":\"https:\/\/elosolucao.com.br\/loja\/produto\/lixeira-basculante-60l\/#breadcrumb\"},\"inLanguage\":\"pt-BR\",\"potentialAction\":[{\"@type\":\"ReadAction\",\"target\":[\"https:\/\/elosolucao.com.br\/loja\/produto\/lixeira-basculante-60l\/\"]}]},{\"@type\":\"BreadcrumbList\",\"@id\":\"https:\/\/elosolucao.com.br\/loja\/produto\/lixeira-basculante-60l\/#breadcrumb\",\"itemListElement\":[{\"@type\":\"ListItem\",\"position\":1,\"name\":\"In\u00edcio\",\"item\":\"https:\/\/elosolucao.com.br\/loja\/\"},{\"@type\":\"ListItem\",\"position\":2,\"name\":\"Loja\",\"item\":\"https:\/\/elosolucao.com.br\/loja\/loja\/\"},{\"@type\":\"ListItem\",\"position\":3,\"name\":\"Lixeira Basculante 60L\"}]},{\"@type\":\"WebSite\",\"@id\":\"https:\/\/elosolucao.com.br\/loja\/#website\",\"url\":\"https:\/\/elosolucao.com.br\/loja\/\",\"name\":\"Elo Solu\u00e7\u00e3o\",\"description\":\"Entendendo sua necessidade e solucionando com Produtos.\",\"publisher\":{\"@id\":\"https:\/\/elosolucao.com.br\/loja\/#organization\"},\"potentialAction\":[{\"@type\":\"SearchAction\",\"target\":{\"@type\":\"EntryPoint\",\"urlTemplate\":\"https:\/\/elosolucao.com.br\/loja\/?s={search_term_string}\"},\"query-input\":\"required name=search_term_string\"}],\"inLanguage\":\"pt-BR\"},{\"@type\":\"Organization\",\"@id\":\"https:\/\/elosolucao.com.br\/loja\/#organization\",\"name\":\"Elo Solu\u00e7\u00e3o\",\"url\":\"https:\/\/elosolucao.com.br\/loja\/\",\"logo\":{\"@type\":\"ImageObject\",\"inLanguage\":\"pt-BR\",\"@id\":\"https:\/\/elosolucao.com.br\/loja\/#\/schema\/logo\/image\/\",\"url\":\"https:\/\/elosolucao.com.br\/loja\/wp-content\/uploads\/2021\/03\/Logo-sem-fundo.png\",\"contentUrl\":\"https:\/\/elosolucao.com.br\/loja\/wp-content\/uploads\/2021\/03\/Logo-sem-fundo.png\",\"width\":707,\"height\":353,\"caption\":\"Elo Solu\u00e7\u00e3o\"},\"image\":{\"@id\":\"https:\/\/elosolucao.com.br\/loja\/#\/schema\/logo\/image\/\"},\"sameAs\":[\"https:\/\/www.facebook.com\/elosolucao.br\",\"https:\/\/instagram.com\/elo_solucao\",\"https:\/\/www.youtube.com\/channel\/UCsSlrhz3DzWElX1ZcW2AIyg\/featured\"]}]}<\/script>\n<!-- \/ Yoast SEO Premium plugin. -->","yoast_head_json":{"title":"Lixeira Basculante 60L - Elo Solu\u00e7\u00e3o","robots":{"index":"index","follow":"follow","max-snippet":"max-snippet:-1","max-image-preview":"max-image-preview:large","max-video-preview":"max-video-preview:-1"},"canonical":"https:\/\/elosolucao.com.br\/loja\/produto\/lixeira-basculante-60l\/","og_locale":"pt_BR","og_type":"article","og_title":"Lixeira Basculante 60L","og_description":"Dimens\u00f5es: Largura: 38cm Altura: 72cm Comprimento: 38cm Peso: 2,2kg","og_url":"https:\/\/elosolucao.com.br\/loja\/produto\/lixeira-basculante-60l\/","og_site_name":"Elo Solu\u00e7\u00e3o","article_publisher":"https:\/\/www.facebook.com\/elosolucao.br","article_modified_time":"2026-04-22T15:40:33+00:00","og_image":[{"width":1080,"height":1080,"url":"https:\/\/elosolucao.com.br\/loja\/wp-content\/uploads\/2021\/02\/Design-sem-nome-9.jpg","type":"image\/jpeg"}],"twitter_card":"summary_large_image","twitter_misc":{"Est. tempo de leitura":"2 minutos"},"schema":{"@context":"https:\/\/schema.org","@graph":[{"@type":"WebPage","@id":"https:\/\/elosolucao.com.br\/loja\/produto\/lixeira-basculante-60l\/","url":"https:\/\/elosolucao.com.br\/loja\/produto\/lixeira-basculante-60l\/","name":"Lixeira Basculante 60L - Elo Solu\u00e7\u00e3o","isPartOf":{"@id":"https:\/\/elosolucao.com.br\/loja\/#website"},"datePublished":"2021-02-25T15:04:11+00:00","dateModified":"2026-04-22T15:40:33+00:00","breadcrumb":{"@id":"https:\/\/elosolucao.com.br\/loja\/produto\/lixeira-basculante-60l\/#breadcrumb"},"inLanguage":"pt-BR","potentialAction":[{"@type":"ReadAction","target":["https:\/\/elosolucao.com.br\/loja\/produto\/lixeira-basculante-60l\/"]}]},{"@type":"BreadcrumbList","@id":"https:\/\/elosolucao.com.br\/loja\/produto\/lixeira-basculante-60l\/#breadcrumb","itemListElement":[{"@type":"ListItem","position":1,"name":"In\u00edcio","item":"https:\/\/elosolucao.com.br\/loja\/"},{"@type":"ListItem","position":2,"name":"Loja","item":"https:\/\/elosolucao.com.br\/loja\/loja\/"},{"@type":"ListItem","position":3,"name":"Lixeira Basculante 60L"}]},{"@type":"WebSite","@id":"https:\/\/elosolucao.com.br\/loja\/#website","url":"https:\/\/elosolucao.com.br\/loja\/","name":"Elo Solu\u00e7\u00e3o","description":"Entendendo sua necessidade e solucionando com Produtos.","publisher":{"@id":"https:\/\/elosolucao.com.br\/loja\/#organization"},"potentialAction":[{"@type":"SearchAction","target":{"@type":"EntryPoint","urlTemplate":"https:\/\/elosolucao.com.br\/loja\/?s={search_term_string}"},"query-input":"required name=search_term_string"}],"inLanguage":"pt-BR"},{"@type":"Organization","@id":"https:\/\/elosolucao.com.br\/loja\/#organization","name":"Elo Solu\u00e7\u00e3o","url":"https:\/\/elosolucao.com.br\/loja\/","logo":{"@type":"ImageObject","inLanguage":"pt-BR","@id":"https:\/\/elosolucao.com.br\/loja\/#\/schema\/logo\/image\/","url":"https:\/\/elosolucao.com.br\/loja\/wp-content\/uploads\/2021\/03\/Logo-sem-fundo.png","contentUrl":"https:\/\/elosolucao.com.br\/loja\/wp-content\/uploads\/2021\/03\/Logo-sem-fundo.png","width":707,"height":353,"caption":"Elo Solu\u00e7\u00e3o"},"image":{"@id":"https:\/\/elosolucao.com.br\/loja\/#\/schema\/logo\/image\/"},"sameAs":["https:\/\/www.facebook.com\/elosolucao.br","https:\/\/instagram.com\/elo_solucao","https:\/\/www.youtube.com\/channel\/UCsSlrhz3DzWElX1ZcW2AIyg\/featured"]}]}},"_links":{"self":[{"href":"https:\/\/elosolucao.com.br\/loja\/wp-json\/wp\/v2\/product\/637","targetHints":{"allow":["GET"]}}],"collection":[{"href":"https:\/\/elosolucao.com.br\/loja\/wp-json\/wp\/v2\/product"}],"about":[{"href":"https:\/\/elosolucao.com.br\/loja\/wp-json\/wp\/v2\/types\/product"}],"version-history":[{"count":0,"href":"https:\/\/elosolucao.com.br\/loja\/wp-json\/wp\/v2\/product\/637\/revisions"}],"wp:featuredmedia":[{"embeddable":true,"href":"https:\/\/elosolucao.com.br\/loja\/wp-json\/wp\/v2\/media\/7241"}],"wp:attachment":[{"href":"https:\/\/elosolucao.com.br\/loja\/wp-json\/wp\/v2\/media?parent=637"}],"wp:term":[{"taxonomy":"product_brand","embeddable":true,"href":"https:\/\/elosolucao.com.br\/loja\/wp-json\/wp\/v2\/product_brand?post=637"},{"taxonomy":"product_cat","embeddable":true,"href":"https:\/\/elosolucao.com.br\/loja\/wp-json\/wp\/v2\/product_cat?post=637"},{"taxonomy":"product_tag","embeddable":true,"href":"https:\/\/elosolucao.com.br\/loja\/wp-json\/wp\/v2\/product_tag?post=637"}],"curies":[{"name":"wp","href":"https:\/\/api.w.org\/{rel}","templated":true}]}}