{"id":5213,"date":"2022-08-25T12:15:45","date_gmt":"2022-08-25T15:15:45","guid":{"rendered":"https:\/\/elosolucao.com.br\/loja\/?post_type=product&#038;p=5213"},"modified":"2026-04-20T15:27:41","modified_gmt":"2026-04-20T18:27:41","slug":"conjunto-com-6-mesas-de-plastico-monobloco","status":"publish","type":"product","link":"https:\/\/elosolucao.com.br\/loja\/produto\/conjunto-com-6-mesas-de-plastico-monobloco\/","title":{"rendered":"Conjunto com 6 Mesas de Pl\u00e1stico Monobloco"},"content":{"rendered":"<p>A Mesa de Pl\u00e1stico Monobloco Top\u00e1zio da Elo Solu\u00e7\u00e3o \u00e9 uma mesa resistente e dur\u00e1vel, ideal para eventos, com\u00e9rcio, restaurantes, bares, padarias, clubes, resid\u00eancias e diversos ambientes internos como externos.<\/p>\n<p>Pode ser empilhada e guardada facilmente, possui orif\u00edcio central para encaixe de guarda-sol.<\/p>\n<p>A Mesa de Pl\u00e1stico Top\u00e1zio \u00e9 monobloco e fabricada em polipropileno.<\/p>\n<p>A Elo Solu\u00e7\u00e3o possui uma linha de m\u00f3veis de pl\u00e1stico que atendem \u00e0 diversos segmentos e necessidades do mercado. Fabricamos mesas pl\u00e1sticas, cadeiras de pl\u00e1stico, banquetas, poltronas de pl\u00e1stico, entre outros.<\/p>\n","protected":false},"excerpt":{"rendered":"<p><strong>\u00a0LARGURA:<\/strong> 70cm<br \/>\n<strong>ALTURA:<\/strong> 70cm<br \/>\n<strong>COMPRIMENTO:<\/strong> 70cm<br \/>\n<strong>PESO:<\/strong> 4,520 Kg<br \/>\n<strong>MATERIAL:<\/strong> PP (Polipropileno)<\/p>\n","protected":false},"featured_media":5214,"template":"","meta":[],"product_brand":[],"product_cat":[154,272],"product_tag":[198,199,200,201,202,203,204,205,206,207,208,209,210,211,212,213,214],"class_list":{"0":"post-5213","1":"product","2":"type-product","3":"status-publish","4":"has-post-thumbnail","6":"product_cat-moveis-de-plastico","7":"product_cat-promocoes","8":"product_tag-mesa-de-plastico","9":"product_tag-mesa-de-plastico-branca","10":"product_tag-mesa-de-plastico-empilhavel","11":"product_tag-mesa-de-plastico-monobloco","12":"product_tag-mesa-de-plastico-resistente","13":"product_tag-mesa-para-bar","14":"product_tag-mesa-para-eventos","15":"product_tag-mesa-para-padaria","16":"product_tag-mesa-plastica","17":"product_tag-mesa-plastica-branca","18":"product_tag-mesa-plastica-com-furo-no-meio","19":"product_tag-mesa-plastica-com-furo-para-guardasol","20":"product_tag-mesa-plastica-empilhavel","21":"product_tag-mesa-plastica-monobloco","22":"product_tag-mesa-pp","23":"product_tag-mesa-quadrada","24":"product_tag-mesa-quadrada-de-plastico","26":"first","27":"instock","28":"shipping-taxable","29":"purchasable","30":"product-type-simple"},"yoast_head":"<!-- This site is optimized with the Yoast SEO Premium plugin v22.0 (Yoast SEO v21.7) - https:\/\/yoast.com\/wordpress\/plugins\/seo\/ -->\n<title>Conjunto com 6 Mesas de Pl\u00e1stico Monobloco - Elo Solu\u00e7\u00e3o<\/title>\n<meta name=\"description\" content=\"A Mesa de Pl\u00e1stico Monobloco \u00e9 resistente e dur\u00e1vel, ideal para eventos, com\u00e9rcio, restaurantes, bares, padarias, clubes, resid\u00eancias e etc.\" \/>\n<meta name=\"robots\" content=\"index, follow, max-snippet:-1, max-image-preview:large, max-video-preview:-1\" \/>\n<link rel=\"canonical\" href=\"https:\/\/elosolucao.com.br\/loja\/produto\/conjunto-com-6-mesas-de-plastico-monobloco\/\" \/>\n<meta property=\"og:locale\" content=\"pt_BR\" \/>\n<meta property=\"og:type\" content=\"article\" \/>\n<meta property=\"og:title\" content=\"Conjunto com 6 Mesas de Pl\u00e1stico Monobloco\" \/>\n<meta property=\"og:description\" content=\"A Mesa de Pl\u00e1stico Monobloco \u00e9 resistente e dur\u00e1vel, ideal para eventos, com\u00e9rcio, restaurantes, bares, padarias, clubes, resid\u00eancias e etc.\" \/>\n<meta property=\"og:url\" content=\"https:\/\/elosolucao.com.br\/loja\/produto\/conjunto-com-6-mesas-de-plastico-monobloco\/\" \/>\n<meta property=\"og:site_name\" content=\"Elo Solu\u00e7\u00e3o\" \/>\n<meta property=\"article:publisher\" content=\"https:\/\/www.facebook.com\/elosolucao.br\" \/>\n<meta property=\"article:modified_time\" content=\"2026-04-20T18:27:41+00:00\" \/>\n<meta property=\"og:image\" content=\"https:\/\/elosolucao.com.br\/loja\/wp-content\/uploads\/2022\/08\/PRODUTOS-LOJA-4.png\" \/>\n\t<meta property=\"og:image:width\" content=\"1080\" \/>\n\t<meta property=\"og:image:height\" content=\"1080\" \/>\n\t<meta property=\"og:image:type\" content=\"image\/png\" \/>\n<meta name=\"twitter:card\" content=\"summary_large_image\" \/>\n<meta name=\"twitter:label1\" content=\"Est. tempo de leitura\" \/>\n\t<meta name=\"twitter:data1\" content=\"1 minuto\" \/>\n<script type=\"application\/ld+json\" class=\"yoast-schema-graph\">{\"@context\":\"https:\/\/schema.org\",\"@graph\":[{\"@type\":\"WebPage\",\"@id\":\"https:\/\/elosolucao.com.br\/loja\/produto\/conjunto-com-6-mesas-de-plastico-monobloco\/\",\"url\":\"https:\/\/elosolucao.com.br\/loja\/produto\/conjunto-com-6-mesas-de-plastico-monobloco\/\",\"name\":\"Conjunto com 6 Mesas de Pl\u00e1stico Monobloco - Elo Solu\u00e7\u00e3o\",\"isPartOf\":{\"@id\":\"https:\/\/elosolucao.com.br\/loja\/#website\"},\"datePublished\":\"2022-08-25T15:15:45+00:00\",\"dateModified\":\"2026-04-20T18:27:41+00:00\",\"description\":\"A Mesa de Pl\u00e1stico Monobloco \u00e9 resistente e dur\u00e1vel, ideal para eventos, com\u00e9rcio, restaurantes, bares, padarias, clubes, resid\u00eancias e etc.\",\"breadcrumb\":{\"@id\":\"https:\/\/elosolucao.com.br\/loja\/produto\/conjunto-com-6-mesas-de-plastico-monobloco\/#breadcrumb\"},\"inLanguage\":\"pt-BR\",\"potentialAction\":[{\"@type\":\"ReadAction\",\"target\":[\"https:\/\/elosolucao.com.br\/loja\/produto\/conjunto-com-6-mesas-de-plastico-monobloco\/\"]}]},{\"@type\":\"BreadcrumbList\",\"@id\":\"https:\/\/elosolucao.com.br\/loja\/produto\/conjunto-com-6-mesas-de-plastico-monobloco\/#breadcrumb\",\"itemListElement\":[{\"@type\":\"ListItem\",\"position\":1,\"name\":\"In\u00edcio\",\"item\":\"https:\/\/elosolucao.com.br\/loja\/\"},{\"@type\":\"ListItem\",\"position\":2,\"name\":\"Loja\",\"item\":\"https:\/\/elosolucao.com.br\/loja\/loja\/\"},{\"@type\":\"ListItem\",\"position\":3,\"name\":\"Conjunto com 6 Mesas de Pl\u00e1stico Monobloco\"}]},{\"@type\":\"WebSite\",\"@id\":\"https:\/\/elosolucao.com.br\/loja\/#website\",\"url\":\"https:\/\/elosolucao.com.br\/loja\/\",\"name\":\"Elo Solu\u00e7\u00e3o\",\"description\":\"Entendendo sua necessidade e solucionando com Produtos.\",\"publisher\":{\"@id\":\"https:\/\/elosolucao.com.br\/loja\/#organization\"},\"potentialAction\":[{\"@type\":\"SearchAction\",\"target\":{\"@type\":\"EntryPoint\",\"urlTemplate\":\"https:\/\/elosolucao.com.br\/loja\/?s={search_term_string}\"},\"query-input\":\"required name=search_term_string\"}],\"inLanguage\":\"pt-BR\"},{\"@type\":\"Organization\",\"@id\":\"https:\/\/elosolucao.com.br\/loja\/#organization\",\"name\":\"Elo Solu\u00e7\u00e3o\",\"url\":\"https:\/\/elosolucao.com.br\/loja\/\",\"logo\":{\"@type\":\"ImageObject\",\"inLanguage\":\"pt-BR\",\"@id\":\"https:\/\/elosolucao.com.br\/loja\/#\/schema\/logo\/image\/\",\"url\":\"https:\/\/elosolucao.com.br\/loja\/wp-content\/uploads\/2021\/03\/Logo-sem-fundo.png\",\"contentUrl\":\"https:\/\/elosolucao.com.br\/loja\/wp-content\/uploads\/2021\/03\/Logo-sem-fundo.png\",\"width\":707,\"height\":353,\"caption\":\"Elo Solu\u00e7\u00e3o\"},\"image\":{\"@id\":\"https:\/\/elosolucao.com.br\/loja\/#\/schema\/logo\/image\/\"},\"sameAs\":[\"https:\/\/www.facebook.com\/elosolucao.br\",\"https:\/\/instagram.com\/elo_solucao\",\"https:\/\/www.youtube.com\/channel\/UCsSlrhz3DzWElX1ZcW2AIyg\/featured\"]}]}<\/script>\n<!-- \/ Yoast SEO Premium plugin. -->","yoast_head_json":{"title":"Conjunto com 6 Mesas de Pl\u00e1stico Monobloco - Elo Solu\u00e7\u00e3o","description":"A Mesa de Pl\u00e1stico Monobloco \u00e9 resistente e dur\u00e1vel, ideal para eventos, com\u00e9rcio, restaurantes, bares, padarias, clubes, resid\u00eancias e etc.","robots":{"index":"index","follow":"follow","max-snippet":"max-snippet:-1","max-image-preview":"max-image-preview:large","max-video-preview":"max-video-preview:-1"},"canonical":"https:\/\/elosolucao.com.br\/loja\/produto\/conjunto-com-6-mesas-de-plastico-monobloco\/","og_locale":"pt_BR","og_type":"article","og_title":"Conjunto com 6 Mesas de Pl\u00e1stico Monobloco","og_description":"A Mesa de Pl\u00e1stico Monobloco \u00e9 resistente e dur\u00e1vel, ideal para eventos, com\u00e9rcio, restaurantes, bares, padarias, clubes, resid\u00eancias e etc.","og_url":"https:\/\/elosolucao.com.br\/loja\/produto\/conjunto-com-6-mesas-de-plastico-monobloco\/","og_site_name":"Elo Solu\u00e7\u00e3o","article_publisher":"https:\/\/www.facebook.com\/elosolucao.br","article_modified_time":"2026-04-20T18:27:41+00:00","og_image":[{"width":1080,"height":1080,"url":"https:\/\/elosolucao.com.br\/loja\/wp-content\/uploads\/2022\/08\/PRODUTOS-LOJA-4.png","type":"image\/png"}],"twitter_card":"summary_large_image","twitter_misc":{"Est. tempo de leitura":"1 minuto"},"schema":{"@context":"https:\/\/schema.org","@graph":[{"@type":"WebPage","@id":"https:\/\/elosolucao.com.br\/loja\/produto\/conjunto-com-6-mesas-de-plastico-monobloco\/","url":"https:\/\/elosolucao.com.br\/loja\/produto\/conjunto-com-6-mesas-de-plastico-monobloco\/","name":"Conjunto com 6 Mesas de Pl\u00e1stico Monobloco - Elo Solu\u00e7\u00e3o","isPartOf":{"@id":"https:\/\/elosolucao.com.br\/loja\/#website"},"datePublished":"2022-08-25T15:15:45+00:00","dateModified":"2026-04-20T18:27:41+00:00","description":"A Mesa de Pl\u00e1stico Monobloco \u00e9 resistente e dur\u00e1vel, ideal para eventos, com\u00e9rcio, restaurantes, bares, padarias, clubes, resid\u00eancias e etc.","breadcrumb":{"@id":"https:\/\/elosolucao.com.br\/loja\/produto\/conjunto-com-6-mesas-de-plastico-monobloco\/#breadcrumb"},"inLanguage":"pt-BR","potentialAction":[{"@type":"ReadAction","target":["https:\/\/elosolucao.com.br\/loja\/produto\/conjunto-com-6-mesas-de-plastico-monobloco\/"]}]},{"@type":"BreadcrumbList","@id":"https:\/\/elosolucao.com.br\/loja\/produto\/conjunto-com-6-mesas-de-plastico-monobloco\/#breadcrumb","itemListElement":[{"@type":"ListItem","position":1,"name":"In\u00edcio","item":"https:\/\/elosolucao.com.br\/loja\/"},{"@type":"ListItem","position":2,"name":"Loja","item":"https:\/\/elosolucao.com.br\/loja\/loja\/"},{"@type":"ListItem","position":3,"name":"Conjunto com 6 Mesas de Pl\u00e1stico Monobloco"}]},{"@type":"WebSite","@id":"https:\/\/elosolucao.com.br\/loja\/#website","url":"https:\/\/elosolucao.com.br\/loja\/","name":"Elo Solu\u00e7\u00e3o","description":"Entendendo sua necessidade e solucionando com Produtos.","publisher":{"@id":"https:\/\/elosolucao.com.br\/loja\/#organization"},"potentialAction":[{"@type":"SearchAction","target":{"@type":"EntryPoint","urlTemplate":"https:\/\/elosolucao.com.br\/loja\/?s={search_term_string}"},"query-input":"required name=search_term_string"}],"inLanguage":"pt-BR"},{"@type":"Organization","@id":"https:\/\/elosolucao.com.br\/loja\/#organization","name":"Elo Solu\u00e7\u00e3o","url":"https:\/\/elosolucao.com.br\/loja\/","logo":{"@type":"ImageObject","inLanguage":"pt-BR","@id":"https:\/\/elosolucao.com.br\/loja\/#\/schema\/logo\/image\/","url":"https:\/\/elosolucao.com.br\/loja\/wp-content\/uploads\/2021\/03\/Logo-sem-fundo.png","contentUrl":"https:\/\/elosolucao.com.br\/loja\/wp-content\/uploads\/2021\/03\/Logo-sem-fundo.png","width":707,"height":353,"caption":"Elo Solu\u00e7\u00e3o"},"image":{"@id":"https:\/\/elosolucao.com.br\/loja\/#\/schema\/logo\/image\/"},"sameAs":["https:\/\/www.facebook.com\/elosolucao.br","https:\/\/instagram.com\/elo_solucao","https:\/\/www.youtube.com\/channel\/UCsSlrhz3DzWElX1ZcW2AIyg\/featured"]}]}},"_links":{"self":[{"href":"https:\/\/elosolucao.com.br\/loja\/wp-json\/wp\/v2\/product\/5213","targetHints":{"allow":["GET"]}}],"collection":[{"href":"https:\/\/elosolucao.com.br\/loja\/wp-json\/wp\/v2\/product"}],"about":[{"href":"https:\/\/elosolucao.com.br\/loja\/wp-json\/wp\/v2\/types\/product"}],"version-history":[{"count":0,"href":"https:\/\/elosolucao.com.br\/loja\/wp-json\/wp\/v2\/product\/5213\/revisions"}],"wp:featuredmedia":[{"embeddable":true,"href":"https:\/\/elosolucao.com.br\/loja\/wp-json\/wp\/v2\/media\/5214"}],"wp:attachment":[{"href":"https:\/\/elosolucao.com.br\/loja\/wp-json\/wp\/v2\/media?parent=5213"}],"wp:term":[{"taxonomy":"product_brand","embeddable":true,"href":"https:\/\/elosolucao.com.br\/loja\/wp-json\/wp\/v2\/product_brand?post=5213"},{"taxonomy":"product_cat","embeddable":true,"href":"https:\/\/elosolucao.com.br\/loja\/wp-json\/wp\/v2\/product_cat?post=5213"},{"taxonomy":"product_tag","embeddable":true,"href":"https:\/\/elosolucao.com.br\/loja\/wp-json\/wp\/v2\/product_tag?post=5213"}],"curies":[{"name":"wp","href":"https:\/\/api.w.org\/{rel}","templated":true}]}}