{"id":4129,"date":"2022-04-20T19:19:57","date_gmt":"2022-04-20T22:19:57","guid":{"rendered":"https:\/\/elosolucao.com.br\/loja\/?post_type=product&#038;p=4129"},"modified":"2026-04-20T15:49:15","modified_gmt":"2026-04-20T18:49:15","slug":"conjunto-mesas-4-cadeiras-plastico","status":"publish","type":"product","link":"https:\/\/elosolucao.com.br\/loja\/produto\/conjunto-mesas-4-cadeiras-plastico\/","title":{"rendered":"Conjunto 1 Mesa e 4 Cadeiras De Plastico"},"content":{"rendered":"<p>Composto por 1 mesa e 4 cadeiras Bistr\u00f4<\/p>\n<p>(MESA: Altura: 72cm \/ Larg:70cm \/ Comp. 70cm<\/p>\n<p><strong>CADEIRA :<\/strong> Altura: 88cm \/ Larg: 50cm \/ Comp: 56cm<\/p>\n<p>&#8211;<strong>Cadeira Suporta<\/strong> ate 182 kilos<\/p>\n<p>-Certificadas pelo Inmetro<\/p>\n<p>-Indicada para ambientes Internos e externos, uso residencial, para bares, lanchonetes, igrejas, etc, inclusive a mais indicada para o ramo de loca\u00e7\u00f5es.<\/p>\n<p>-Monobloco e Empilh\u00e1veis<\/p>\n<p>-F\u00e1cil armazenamento e limpeza<\/p>\n<p>-Entrega para todo o Brasil (valor \u00e1 consultar)<\/p>\n","protected":false},"excerpt":{"rendered":"<p>Composto por 1 mesa e 4 cadeiras Bistr\u00f4 (MESA: Altura: 72cm \/ Larg:70cm \/ Comp. 70cm CADEIRA : Altura: 88cm \/ Larg: 50cm \/ Comp: 56cm &#8211;Cadeira Suporta ate 182 kilos -Certificadas pelo Inmetro -Indicada para ambientes Internos e externos, uso residencial, para bares, lanchonetes, igrejas, etc, inclusive a mais indicada para o ramo de [&hellip;]<\/p>\n","protected":false},"featured_media":4464,"template":"","meta":[],"product_brand":[],"product_cat":[154,272],"product_tag":[266,156,268,267,198],"class_list":{"0":"post-4129","1":"product","2":"type-product","3":"status-publish","4":"has-post-thumbnail","6":"product_cat-moveis-de-plastico","7":"product_cat-promocoes","8":"product_tag-cadeira","9":"product_tag-cadeira-de-plastico","10":"product_tag-cadeira-e-mesa","11":"product_tag-mesa","12":"product_tag-mesa-de-plastico","14":"first","15":"instock","16":"shipping-taxable","17":"purchasable","18":"product-type-simple"},"yoast_head":"<!-- This site is optimized with the Yoast SEO Premium plugin v22.0 (Yoast SEO v21.7) - https:\/\/yoast.com\/wordpress\/plugins\/seo\/ -->\n<title>Conjunto 1 Mesa e 4 Cadeiras De Plastico - Elo Solu\u00e7\u00e3o<\/title>\n<meta name=\"description\" content=\"Conjunto De Mesas E 4 Cadeiras De Plastico \u00e9 Indicado para ambientes Internos e externos como eventos, lanchonetes, igrejas e etc.\" \/>\n<meta name=\"robots\" content=\"index, follow, max-snippet:-1, max-image-preview:large, max-video-preview:-1\" \/>\n<link rel=\"canonical\" href=\"https:\/\/elosolucao.com.br\/loja\/produto\/conjunto-mesas-4-cadeiras-plastico\/\" \/>\n<meta property=\"og:locale\" content=\"pt_BR\" \/>\n<meta property=\"og:type\" content=\"article\" \/>\n<meta property=\"og:title\" content=\"Conjunto 1 Mesa e 4 Cadeiras De Plastico\" \/>\n<meta property=\"og:description\" content=\"Conjunto De Mesas E 4 Cadeiras De Plastico \u00e9 Indicado para ambientes Internos e externos como eventos, lanchonetes, igrejas e etc.\" \/>\n<meta property=\"og:url\" content=\"https:\/\/elosolucao.com.br\/loja\/produto\/conjunto-mesas-4-cadeiras-plastico\/\" \/>\n<meta property=\"og:site_name\" content=\"Elo Solu\u00e7\u00e3o\" \/>\n<meta property=\"article:publisher\" content=\"https:\/\/www.facebook.com\/elosolucao.br\" \/>\n<meta property=\"article:modified_time\" content=\"2026-04-20T18:49:15+00:00\" \/>\n<meta property=\"og:image\" content=\"https:\/\/elosolucao.com.br\/loja\/wp-content\/uploads\/2022\/04\/PRODUTOS-LOJA.png\" \/>\n\t<meta property=\"og:image:width\" content=\"1080\" \/>\n\t<meta property=\"og:image:height\" content=\"1080\" \/>\n\t<meta property=\"og:image:type\" content=\"image\/png\" \/>\n<meta name=\"twitter:card\" content=\"summary_large_image\" \/>\n<meta name=\"twitter:label1\" content=\"Est. tempo de leitura\" \/>\n\t<meta name=\"twitter:data1\" content=\"1 minuto\" \/>\n<script type=\"application\/ld+json\" class=\"yoast-schema-graph\">{\"@context\":\"https:\/\/schema.org\",\"@graph\":[{\"@type\":\"WebPage\",\"@id\":\"https:\/\/elosolucao.com.br\/loja\/produto\/conjunto-mesas-4-cadeiras-plastico\/\",\"url\":\"https:\/\/elosolucao.com.br\/loja\/produto\/conjunto-mesas-4-cadeiras-plastico\/\",\"name\":\"Conjunto 1 Mesa e 4 Cadeiras De Plastico - Elo Solu\u00e7\u00e3o\",\"isPartOf\":{\"@id\":\"https:\/\/elosolucao.com.br\/loja\/#website\"},\"datePublished\":\"2022-04-20T22:19:57+00:00\",\"dateModified\":\"2026-04-20T18:49:15+00:00\",\"description\":\"Conjunto De Mesas E 4 Cadeiras De Plastico \u00e9 Indicado para ambientes Internos e externos como eventos, lanchonetes, igrejas e etc.\",\"breadcrumb\":{\"@id\":\"https:\/\/elosolucao.com.br\/loja\/produto\/conjunto-mesas-4-cadeiras-plastico\/#breadcrumb\"},\"inLanguage\":\"pt-BR\",\"potentialAction\":[{\"@type\":\"ReadAction\",\"target\":[\"https:\/\/elosolucao.com.br\/loja\/produto\/conjunto-mesas-4-cadeiras-plastico\/\"]}]},{\"@type\":\"BreadcrumbList\",\"@id\":\"https:\/\/elosolucao.com.br\/loja\/produto\/conjunto-mesas-4-cadeiras-plastico\/#breadcrumb\",\"itemListElement\":[{\"@type\":\"ListItem\",\"position\":1,\"name\":\"In\u00edcio\",\"item\":\"https:\/\/elosolucao.com.br\/loja\/\"},{\"@type\":\"ListItem\",\"position\":2,\"name\":\"Loja\",\"item\":\"https:\/\/elosolucao.com.br\/loja\/loja\/\"},{\"@type\":\"ListItem\",\"position\":3,\"name\":\"Conjunto 1 Mesa e 4 Cadeiras De Plastico\"}]},{\"@type\":\"WebSite\",\"@id\":\"https:\/\/elosolucao.com.br\/loja\/#website\",\"url\":\"https:\/\/elosolucao.com.br\/loja\/\",\"name\":\"Elo Solu\u00e7\u00e3o\",\"description\":\"Entendendo sua necessidade e solucionando com Produtos.\",\"publisher\":{\"@id\":\"https:\/\/elosolucao.com.br\/loja\/#organization\"},\"potentialAction\":[{\"@type\":\"SearchAction\",\"target\":{\"@type\":\"EntryPoint\",\"urlTemplate\":\"https:\/\/elosolucao.com.br\/loja\/?s={search_term_string}\"},\"query-input\":\"required name=search_term_string\"}],\"inLanguage\":\"pt-BR\"},{\"@type\":\"Organization\",\"@id\":\"https:\/\/elosolucao.com.br\/loja\/#organization\",\"name\":\"Elo Solu\u00e7\u00e3o\",\"url\":\"https:\/\/elosolucao.com.br\/loja\/\",\"logo\":{\"@type\":\"ImageObject\",\"inLanguage\":\"pt-BR\",\"@id\":\"https:\/\/elosolucao.com.br\/loja\/#\/schema\/logo\/image\/\",\"url\":\"https:\/\/elosolucao.com.br\/loja\/wp-content\/uploads\/2021\/03\/Logo-sem-fundo.png\",\"contentUrl\":\"https:\/\/elosolucao.com.br\/loja\/wp-content\/uploads\/2021\/03\/Logo-sem-fundo.png\",\"width\":707,\"height\":353,\"caption\":\"Elo Solu\u00e7\u00e3o\"},\"image\":{\"@id\":\"https:\/\/elosolucao.com.br\/loja\/#\/schema\/logo\/image\/\"},\"sameAs\":[\"https:\/\/www.facebook.com\/elosolucao.br\",\"https:\/\/instagram.com\/elo_solucao\",\"https:\/\/www.youtube.com\/channel\/UCsSlrhz3DzWElX1ZcW2AIyg\/featured\"]}]}<\/script>\n<!-- \/ Yoast SEO Premium plugin. -->","yoast_head_json":{"title":"Conjunto 1 Mesa e 4 Cadeiras De Plastico - Elo Solu\u00e7\u00e3o","description":"Conjunto De Mesas E 4 Cadeiras De Plastico \u00e9 Indicado para ambientes Internos e externos como eventos, lanchonetes, igrejas e etc.","robots":{"index":"index","follow":"follow","max-snippet":"max-snippet:-1","max-image-preview":"max-image-preview:large","max-video-preview":"max-video-preview:-1"},"canonical":"https:\/\/elosolucao.com.br\/loja\/produto\/conjunto-mesas-4-cadeiras-plastico\/","og_locale":"pt_BR","og_type":"article","og_title":"Conjunto 1 Mesa e 4 Cadeiras De Plastico","og_description":"Conjunto De Mesas E 4 Cadeiras De Plastico \u00e9 Indicado para ambientes Internos e externos como eventos, lanchonetes, igrejas e etc.","og_url":"https:\/\/elosolucao.com.br\/loja\/produto\/conjunto-mesas-4-cadeiras-plastico\/","og_site_name":"Elo Solu\u00e7\u00e3o","article_publisher":"https:\/\/www.facebook.com\/elosolucao.br","article_modified_time":"2026-04-20T18:49:15+00:00","og_image":[{"width":1080,"height":1080,"url":"https:\/\/elosolucao.com.br\/loja\/wp-content\/uploads\/2022\/04\/PRODUTOS-LOJA.png","type":"image\/png"}],"twitter_card":"summary_large_image","twitter_misc":{"Est. tempo de leitura":"1 minuto"},"schema":{"@context":"https:\/\/schema.org","@graph":[{"@type":"WebPage","@id":"https:\/\/elosolucao.com.br\/loja\/produto\/conjunto-mesas-4-cadeiras-plastico\/","url":"https:\/\/elosolucao.com.br\/loja\/produto\/conjunto-mesas-4-cadeiras-plastico\/","name":"Conjunto 1 Mesa e 4 Cadeiras De Plastico - Elo Solu\u00e7\u00e3o","isPartOf":{"@id":"https:\/\/elosolucao.com.br\/loja\/#website"},"datePublished":"2022-04-20T22:19:57+00:00","dateModified":"2026-04-20T18:49:15+00:00","description":"Conjunto De Mesas E 4 Cadeiras De Plastico \u00e9 Indicado para ambientes Internos e externos como eventos, lanchonetes, igrejas e etc.","breadcrumb":{"@id":"https:\/\/elosolucao.com.br\/loja\/produto\/conjunto-mesas-4-cadeiras-plastico\/#breadcrumb"},"inLanguage":"pt-BR","potentialAction":[{"@type":"ReadAction","target":["https:\/\/elosolucao.com.br\/loja\/produto\/conjunto-mesas-4-cadeiras-plastico\/"]}]},{"@type":"BreadcrumbList","@id":"https:\/\/elosolucao.com.br\/loja\/produto\/conjunto-mesas-4-cadeiras-plastico\/#breadcrumb","itemListElement":[{"@type":"ListItem","position":1,"name":"In\u00edcio","item":"https:\/\/elosolucao.com.br\/loja\/"},{"@type":"ListItem","position":2,"name":"Loja","item":"https:\/\/elosolucao.com.br\/loja\/loja\/"},{"@type":"ListItem","position":3,"name":"Conjunto 1 Mesa e 4 Cadeiras De Plastico"}]},{"@type":"WebSite","@id":"https:\/\/elosolucao.com.br\/loja\/#website","url":"https:\/\/elosolucao.com.br\/loja\/","name":"Elo Solu\u00e7\u00e3o","description":"Entendendo sua necessidade e solucionando com Produtos.","publisher":{"@id":"https:\/\/elosolucao.com.br\/loja\/#organization"},"potentialAction":[{"@type":"SearchAction","target":{"@type":"EntryPoint","urlTemplate":"https:\/\/elosolucao.com.br\/loja\/?s={search_term_string}"},"query-input":"required name=search_term_string"}],"inLanguage":"pt-BR"},{"@type":"Organization","@id":"https:\/\/elosolucao.com.br\/loja\/#organization","name":"Elo Solu\u00e7\u00e3o","url":"https:\/\/elosolucao.com.br\/loja\/","logo":{"@type":"ImageObject","inLanguage":"pt-BR","@id":"https:\/\/elosolucao.com.br\/loja\/#\/schema\/logo\/image\/","url":"https:\/\/elosolucao.com.br\/loja\/wp-content\/uploads\/2021\/03\/Logo-sem-fundo.png","contentUrl":"https:\/\/elosolucao.com.br\/loja\/wp-content\/uploads\/2021\/03\/Logo-sem-fundo.png","width":707,"height":353,"caption":"Elo Solu\u00e7\u00e3o"},"image":{"@id":"https:\/\/elosolucao.com.br\/loja\/#\/schema\/logo\/image\/"},"sameAs":["https:\/\/www.facebook.com\/elosolucao.br","https:\/\/instagram.com\/elo_solucao","https:\/\/www.youtube.com\/channel\/UCsSlrhz3DzWElX1ZcW2AIyg\/featured"]}]}},"_links":{"self":[{"href":"https:\/\/elosolucao.com.br\/loja\/wp-json\/wp\/v2\/product\/4129","targetHints":{"allow":["GET"]}}],"collection":[{"href":"https:\/\/elosolucao.com.br\/loja\/wp-json\/wp\/v2\/product"}],"about":[{"href":"https:\/\/elosolucao.com.br\/loja\/wp-json\/wp\/v2\/types\/product"}],"version-history":[{"count":0,"href":"https:\/\/elosolucao.com.br\/loja\/wp-json\/wp\/v2\/product\/4129\/revisions"}],"wp:featuredmedia":[{"embeddable":true,"href":"https:\/\/elosolucao.com.br\/loja\/wp-json\/wp\/v2\/media\/4464"}],"wp:attachment":[{"href":"https:\/\/elosolucao.com.br\/loja\/wp-json\/wp\/v2\/media?parent=4129"}],"wp:term":[{"taxonomy":"product_brand","embeddable":true,"href":"https:\/\/elosolucao.com.br\/loja\/wp-json\/wp\/v2\/product_brand?post=4129"},{"taxonomy":"product_cat","embeddable":true,"href":"https:\/\/elosolucao.com.br\/loja\/wp-json\/wp\/v2\/product_cat?post=4129"},{"taxonomy":"product_tag","embeddable":true,"href":"https:\/\/elosolucao.com.br\/loja\/wp-json\/wp\/v2\/product_tag?post=4129"}],"curies":[{"name":"wp","href":"https:\/\/api.w.org\/{rel}","templated":true}]}}