{"id":3556,"date":"2022-01-26T14:14:01","date_gmt":"2022-01-26T17:14:01","guid":{"rendered":"https:\/\/elosolucao.com.br\/loja\/?post_type=product&#038;p=3556"},"modified":"2026-04-17T15:57:50","modified_gmt":"2026-04-17T18:57:50","slug":"cesto-de-lixo-redondo-60l-com-pedal-preto","status":"publish","type":"product","link":"https:\/\/elosolucao.com.br\/loja\/produto\/cesto-de-lixo-redondo-60l-com-pedal-preto\/","title":{"rendered":"Cesto de Lixo Redondo 60L com Pedal &#8211; Preto"},"content":{"rendered":"<h2>Cesto de Lixo Redondo 60L com Pedal<\/h2>\n<p>&nbsp;<\/p>\n<p><strong>S\u00c3O INDICADOS PARA:<\/strong><\/p>\n<p><strong>\u2022 Clubes, academias, escolas e universidades;<\/strong><br \/>\n<strong>\u2022 Restaurantes, lanchonetes, cozinhas industriais;<\/strong><br \/>\n<strong>\u2022 Shoppings e estabelecimentos comerciais;<\/strong><br \/>\n<strong>\u2022 Farm\u00e1cias, postos de sa\u00fade e hospitais;<\/strong><br \/>\n<strong>\u2022 Ideal para uso dom\u00e9stico.<\/strong><\/p>\n<p>Os\u00a0<strong>Cestos de Lixo Redondo Com Pedal 60 Litros<\/strong>\u00a0s\u00e3o fabricados em Polipropileno (PP) ou Polietileno de Alta Densidade (PEAD).<\/p>\n<p>Nossos\u00a0<strong>Cestos de Lixo redondos de 60L<\/strong>\u00a0s\u00e3o injetados em m\u00e1quinas de alta tecnologia, respeitando as principais normas vigentes da Ag\u00eancia Nacional de Vigil\u00e2ncia Sanit\u00e1ria (ANVISA).<\/p>\n<p>Possuem al\u00e7as ergon\u00f4micas, estrutura de metal com pedal super resistente e excelente acabamento.<\/p>\n<p>S\u00e3o facilmente empilh\u00e1veis, o que facilita o estoque e o transporte do produto sem prejudicar o seu formato.<\/p>\n<p>Os\u00a0<strong>Cestos de Lixo Redondo Com Pedal 60 Litros<\/strong>\u00a0s\u00e3o resistentes \u00e0 impactos, aos raios ultravioletas e \u00e0s repetidas lavagens.<\/p>\n<p>A\u00a0<strong>Elo Solu\u00e7\u00e3o<\/strong>\u00a0preza pela qualidade, durabilidade e confiabilidade ao produzir os produtos para seus clientes, respeitando as principais normas de qualidade e seguran\u00e7a, atuando com rigor frente \u00e0 Ag\u00eancia Nacional de Vigil\u00e2ncia Sanit\u00e1ria (ANVISA).<\/p>\n","protected":false},"excerpt":{"rendered":"<p><strong>DIMENS\u00d5ES:<\/strong><\/p>\n<p><strong>MODELO:<\/strong>\u00a0Cesto Redondo 60L Com Tampa e Pedal<\/p>\n<p><strong>DESCRI\u00c7\u00c3O:<\/strong>\u00a0Cesto de Lixo Redondo Com Pedal 60 Litros<\/p>\n<p><strong>LARGURA:<\/strong>\u00a0570mm<\/p>\n<p><strong>ALTURA:<\/strong>\u00a0730mm<\/p>\n<p><strong>COMPRIMENTO Di\u00e2metro \u00d8:<\/strong>\u00a0455mm<\/p>\n<p><strong>PESO:<\/strong>\u00a01,8Kg<\/p>\n<p><strong>MATERIAL:<\/strong>\u00a0Polietileno de Alta Densidade (PEAD) ou Polipropileno (PP)<\/p>\n","protected":false},"featured_media":3510,"template":"","meta":[],"product_brand":[],"product_cat":[86,82,272],"product_tag":[225,230,228,229,134],"class_list":{"0":"post-3556","1":"product","2":"type-product","3":"status-publish","4":"has-post-thumbnail","6":"product_cat-cestos-de-lixo","7":"product_cat-lixeira-com-pedal","8":"product_cat-promocoes","9":"product_tag-cesto-de-lixo","10":"product_tag-cesto-de-lixo-com-pedal","11":"product_tag-lixeira-100-litros","12":"product_tag-lixeira-com-pedal","13":"product_tag-lixeira-com-tampa","14":"pa_cor-branco","15":"pa_cor-preta","17":"first","18":"instock","19":"shipping-taxable","20":"purchasable","21":"product-type-simple"},"yoast_head":"<!-- This site is optimized with the Yoast SEO Premium plugin v22.0 (Yoast SEO v21.7) - https:\/\/yoast.com\/wordpress\/plugins\/seo\/ -->\n<title>Cesto de Lixo Redondo 60L com Pedal - Preto - Elo Solu\u00e7\u00e3o<\/title>\n<meta name=\"robots\" content=\"index, follow, max-snippet:-1, max-image-preview:large, max-video-preview:-1\" \/>\n<link rel=\"canonical\" href=\"https:\/\/elosolucao.com.br\/loja\/produto\/cesto-de-lixo-redondo-60l-com-pedal-preto\/\" \/>\n<meta property=\"og:locale\" content=\"pt_BR\" \/>\n<meta property=\"og:type\" content=\"article\" \/>\n<meta property=\"og:title\" content=\"Cesto de Lixo Redondo 60L com Pedal - Preto\" \/>\n<meta property=\"og:description\" content=\"DIMENS\u00d5ES:  MODELO:\u00a0Cesto Redondo 60L Com Tampa e Pedal  DESCRI\u00c7\u00c3O:\u00a0Cesto de Lixo Redondo Com Pedal 60 Litros  LARGURA:\u00a0570mm  ALTURA:\u00a0730mm  COMPRIMENTO Di\u00e2metro \u00d8:\u00a0455mm  PESO:\u00a01,8Kg  MATERIAL:\u00a0Polietileno de Alta Densidade (PEAD) ou Polipropileno (PP)\" \/>\n<meta property=\"og:url\" content=\"https:\/\/elosolucao.com.br\/loja\/produto\/cesto-de-lixo-redondo-60l-com-pedal-preto\/\" \/>\n<meta property=\"og:site_name\" content=\"Elo Solu\u00e7\u00e3o\" \/>\n<meta property=\"article:publisher\" content=\"https:\/\/www.facebook.com\/elosolucao.br\" \/>\n<meta property=\"article:modified_time\" content=\"2026-04-17T18:57:50+00:00\" \/>\n<meta property=\"og:image\" content=\"https:\/\/elosolucao.com.br\/loja\/wp-content\/uploads\/2022\/01\/imagens-loja.jpg\" \/>\n\t<meta property=\"og:image:width\" content=\"1080\" \/>\n\t<meta property=\"og:image:height\" content=\"1080\" \/>\n\t<meta property=\"og:image:type\" content=\"image\/jpeg\" \/>\n<meta name=\"twitter:card\" content=\"summary_large_image\" \/>\n<meta name=\"twitter:label1\" content=\"Est. tempo de leitura\" \/>\n\t<meta name=\"twitter:data1\" content=\"1 minuto\" \/>\n<script type=\"application\/ld+json\" class=\"yoast-schema-graph\">{\"@context\":\"https:\/\/schema.org\",\"@graph\":[{\"@type\":\"WebPage\",\"@id\":\"https:\/\/elosolucao.com.br\/loja\/produto\/cesto-de-lixo-redondo-60l-com-pedal-preto\/\",\"url\":\"https:\/\/elosolucao.com.br\/loja\/produto\/cesto-de-lixo-redondo-60l-com-pedal-preto\/\",\"name\":\"Cesto de Lixo Redondo 60L com Pedal - Preto - Elo Solu\u00e7\u00e3o\",\"isPartOf\":{\"@id\":\"https:\/\/elosolucao.com.br\/loja\/#website\"},\"datePublished\":\"2022-01-26T17:14:01+00:00\",\"dateModified\":\"2026-04-17T18:57:50+00:00\",\"breadcrumb\":{\"@id\":\"https:\/\/elosolucao.com.br\/loja\/produto\/cesto-de-lixo-redondo-60l-com-pedal-preto\/#breadcrumb\"},\"inLanguage\":\"pt-BR\",\"potentialAction\":[{\"@type\":\"ReadAction\",\"target\":[\"https:\/\/elosolucao.com.br\/loja\/produto\/cesto-de-lixo-redondo-60l-com-pedal-preto\/\"]}]},{\"@type\":\"BreadcrumbList\",\"@id\":\"https:\/\/elosolucao.com.br\/loja\/produto\/cesto-de-lixo-redondo-60l-com-pedal-preto\/#breadcrumb\",\"itemListElement\":[{\"@type\":\"ListItem\",\"position\":1,\"name\":\"In\u00edcio\",\"item\":\"https:\/\/elosolucao.com.br\/loja\/\"},{\"@type\":\"ListItem\",\"position\":2,\"name\":\"Loja\",\"item\":\"https:\/\/elosolucao.com.br\/loja\/loja\/\"},{\"@type\":\"ListItem\",\"position\":3,\"name\":\"Cesto de Lixo Redondo 60L com Pedal &#8211; Preto\"}]},{\"@type\":\"WebSite\",\"@id\":\"https:\/\/elosolucao.com.br\/loja\/#website\",\"url\":\"https:\/\/elosolucao.com.br\/loja\/\",\"name\":\"Elo Solu\u00e7\u00e3o\",\"description\":\"Entendendo sua necessidade e solucionando com Produtos.\",\"publisher\":{\"@id\":\"https:\/\/elosolucao.com.br\/loja\/#organization\"},\"potentialAction\":[{\"@type\":\"SearchAction\",\"target\":{\"@type\":\"EntryPoint\",\"urlTemplate\":\"https:\/\/elosolucao.com.br\/loja\/?s={search_term_string}\"},\"query-input\":\"required name=search_term_string\"}],\"inLanguage\":\"pt-BR\"},{\"@type\":\"Organization\",\"@id\":\"https:\/\/elosolucao.com.br\/loja\/#organization\",\"name\":\"Elo Solu\u00e7\u00e3o\",\"url\":\"https:\/\/elosolucao.com.br\/loja\/\",\"logo\":{\"@type\":\"ImageObject\",\"inLanguage\":\"pt-BR\",\"@id\":\"https:\/\/elosolucao.com.br\/loja\/#\/schema\/logo\/image\/\",\"url\":\"https:\/\/elosolucao.com.br\/loja\/wp-content\/uploads\/2021\/03\/Logo-sem-fundo.png\",\"contentUrl\":\"https:\/\/elosolucao.com.br\/loja\/wp-content\/uploads\/2021\/03\/Logo-sem-fundo.png\",\"width\":707,\"height\":353,\"caption\":\"Elo Solu\u00e7\u00e3o\"},\"image\":{\"@id\":\"https:\/\/elosolucao.com.br\/loja\/#\/schema\/logo\/image\/\"},\"sameAs\":[\"https:\/\/www.facebook.com\/elosolucao.br\",\"https:\/\/instagram.com\/elo_solucao\",\"https:\/\/www.youtube.com\/channel\/UCsSlrhz3DzWElX1ZcW2AIyg\/featured\"]}]}<\/script>\n<!-- \/ Yoast SEO Premium plugin. -->","yoast_head_json":{"title":"Cesto de Lixo Redondo 60L com Pedal - Preto - Elo Solu\u00e7\u00e3o","robots":{"index":"index","follow":"follow","max-snippet":"max-snippet:-1","max-image-preview":"max-image-preview:large","max-video-preview":"max-video-preview:-1"},"canonical":"https:\/\/elosolucao.com.br\/loja\/produto\/cesto-de-lixo-redondo-60l-com-pedal-preto\/","og_locale":"pt_BR","og_type":"article","og_title":"Cesto de Lixo Redondo 60L com Pedal - Preto","og_description":"DIMENS\u00d5ES:  MODELO:\u00a0Cesto Redondo 60L Com Tampa e Pedal  DESCRI\u00c7\u00c3O:\u00a0Cesto de Lixo Redondo Com Pedal 60 Litros  LARGURA:\u00a0570mm  ALTURA:\u00a0730mm  COMPRIMENTO Di\u00e2metro \u00d8:\u00a0455mm  PESO:\u00a01,8Kg  MATERIAL:\u00a0Polietileno de Alta Densidade (PEAD) ou Polipropileno (PP)","og_url":"https:\/\/elosolucao.com.br\/loja\/produto\/cesto-de-lixo-redondo-60l-com-pedal-preto\/","og_site_name":"Elo Solu\u00e7\u00e3o","article_publisher":"https:\/\/www.facebook.com\/elosolucao.br","article_modified_time":"2026-04-17T18:57:50+00:00","og_image":[{"width":1080,"height":1080,"url":"https:\/\/elosolucao.com.br\/loja\/wp-content\/uploads\/2022\/01\/imagens-loja.jpg","type":"image\/jpeg"}],"twitter_card":"summary_large_image","twitter_misc":{"Est. tempo de leitura":"1 minuto"},"schema":{"@context":"https:\/\/schema.org","@graph":[{"@type":"WebPage","@id":"https:\/\/elosolucao.com.br\/loja\/produto\/cesto-de-lixo-redondo-60l-com-pedal-preto\/","url":"https:\/\/elosolucao.com.br\/loja\/produto\/cesto-de-lixo-redondo-60l-com-pedal-preto\/","name":"Cesto de Lixo Redondo 60L com Pedal - Preto - Elo Solu\u00e7\u00e3o","isPartOf":{"@id":"https:\/\/elosolucao.com.br\/loja\/#website"},"datePublished":"2022-01-26T17:14:01+00:00","dateModified":"2026-04-17T18:57:50+00:00","breadcrumb":{"@id":"https:\/\/elosolucao.com.br\/loja\/produto\/cesto-de-lixo-redondo-60l-com-pedal-preto\/#breadcrumb"},"inLanguage":"pt-BR","potentialAction":[{"@type":"ReadAction","target":["https:\/\/elosolucao.com.br\/loja\/produto\/cesto-de-lixo-redondo-60l-com-pedal-preto\/"]}]},{"@type":"BreadcrumbList","@id":"https:\/\/elosolucao.com.br\/loja\/produto\/cesto-de-lixo-redondo-60l-com-pedal-preto\/#breadcrumb","itemListElement":[{"@type":"ListItem","position":1,"name":"In\u00edcio","item":"https:\/\/elosolucao.com.br\/loja\/"},{"@type":"ListItem","position":2,"name":"Loja","item":"https:\/\/elosolucao.com.br\/loja\/loja\/"},{"@type":"ListItem","position":3,"name":"Cesto de Lixo Redondo 60L com Pedal &#8211; Preto"}]},{"@type":"WebSite","@id":"https:\/\/elosolucao.com.br\/loja\/#website","url":"https:\/\/elosolucao.com.br\/loja\/","name":"Elo Solu\u00e7\u00e3o","description":"Entendendo sua necessidade e solucionando com Produtos.","publisher":{"@id":"https:\/\/elosolucao.com.br\/loja\/#organization"},"potentialAction":[{"@type":"SearchAction","target":{"@type":"EntryPoint","urlTemplate":"https:\/\/elosolucao.com.br\/loja\/?s={search_term_string}"},"query-input":"required name=search_term_string"}],"inLanguage":"pt-BR"},{"@type":"Organization","@id":"https:\/\/elosolucao.com.br\/loja\/#organization","name":"Elo Solu\u00e7\u00e3o","url":"https:\/\/elosolucao.com.br\/loja\/","logo":{"@type":"ImageObject","inLanguage":"pt-BR","@id":"https:\/\/elosolucao.com.br\/loja\/#\/schema\/logo\/image\/","url":"https:\/\/elosolucao.com.br\/loja\/wp-content\/uploads\/2021\/03\/Logo-sem-fundo.png","contentUrl":"https:\/\/elosolucao.com.br\/loja\/wp-content\/uploads\/2021\/03\/Logo-sem-fundo.png","width":707,"height":353,"caption":"Elo Solu\u00e7\u00e3o"},"image":{"@id":"https:\/\/elosolucao.com.br\/loja\/#\/schema\/logo\/image\/"},"sameAs":["https:\/\/www.facebook.com\/elosolucao.br","https:\/\/instagram.com\/elo_solucao","https:\/\/www.youtube.com\/channel\/UCsSlrhz3DzWElX1ZcW2AIyg\/featured"]}]}},"_links":{"self":[{"href":"https:\/\/elosolucao.com.br\/loja\/wp-json\/wp\/v2\/product\/3556","targetHints":{"allow":["GET"]}}],"collection":[{"href":"https:\/\/elosolucao.com.br\/loja\/wp-json\/wp\/v2\/product"}],"about":[{"href":"https:\/\/elosolucao.com.br\/loja\/wp-json\/wp\/v2\/types\/product"}],"version-history":[{"count":0,"href":"https:\/\/elosolucao.com.br\/loja\/wp-json\/wp\/v2\/product\/3556\/revisions"}],"wp:featuredmedia":[{"embeddable":true,"href":"https:\/\/elosolucao.com.br\/loja\/wp-json\/wp\/v2\/media\/3510"}],"wp:attachment":[{"href":"https:\/\/elosolucao.com.br\/loja\/wp-json\/wp\/v2\/media?parent=3556"}],"wp:term":[{"taxonomy":"product_brand","embeddable":true,"href":"https:\/\/elosolucao.com.br\/loja\/wp-json\/wp\/v2\/product_brand?post=3556"},{"taxonomy":"product_cat","embeddable":true,"href":"https:\/\/elosolucao.com.br\/loja\/wp-json\/wp\/v2\/product_cat?post=3556"},{"taxonomy":"product_tag","embeddable":true,"href":"https:\/\/elosolucao.com.br\/loja\/wp-json\/wp\/v2\/product_tag?post=3556"}],"curies":[{"name":"wp","href":"https:\/\/api.w.org\/{rel}","templated":true}]}}