{"id":2566,"date":"2021-07-06T17:26:43","date_gmt":"2021-07-06T20:26:43","guid":{"rendered":"https:\/\/elosolucao.com.br\/loja\/?page_id=2566"},"modified":"2021-07-06T17:33:23","modified_gmt":"2021-07-06T20:33:23","slug":"politica-de-entrega","status":"publish","type":"page","link":"https:\/\/elosolucao.com.br\/loja\/politica-de-entrega\/","title":{"rendered":"Pol\u00edtica de Entrega"},"content":{"rendered":"\t\t<div data-elementor-type=\"wp-page\" data-elementor-id=\"2566\" class=\"elementor elementor-2566\" data-elementor-post-type=\"page\">\n\t\t\t\t\t\t<section class=\"elementor-section elementor-top-section elementor-element elementor-element-b81af65 elementor-section-boxed elementor-section-height-default elementor-section-height-default\" data-id=\"b81af65\" data-element_type=\"section\" data-e-type=\"section\">\n\t\t\t\t\t\t<div class=\"elementor-container elementor-column-gap-default\">\n\t\t\t\t\t<div class=\"elementor-column elementor-col-100 elementor-top-column elementor-element elementor-element-43b0d24\" data-id=\"43b0d24\" data-element_type=\"column\" data-e-type=\"column\">\n\t\t\t<div class=\"elementor-widget-wrap elementor-element-populated\">\n\t\t\t\t\t\t<div class=\"elementor-element elementor-element-bc98abd elementor-widget elementor-widget-heading\" data-id=\"bc98abd\" data-element_type=\"widget\" data-e-type=\"widget\" data-widget_type=\"heading.default\">\n\t\t\t\t<div class=\"elementor-widget-container\">\n\t\t\t\t\t<h2 class=\"elementor-heading-title elementor-size-default\">POL\u00cdTICA DE ENTREGA<\/h2>\t\t\t\t<\/div>\n\t\t\t\t<\/div>\n\t\t\t\t<section class=\"elementor-section elementor-inner-section elementor-element elementor-element-d8d3584 elementor-section-boxed elementor-section-height-default elementor-section-height-default\" data-id=\"d8d3584\" data-element_type=\"section\" data-e-type=\"section\">\n\t\t\t\t\t\t<div class=\"elementor-container elementor-column-gap-default\">\n\t\t\t\t\t<div class=\"elementor-column elementor-col-100 elementor-inner-column elementor-element elementor-element-bec7290\" data-id=\"bec7290\" data-element_type=\"column\" data-e-type=\"column\">\n\t\t\t<div class=\"elementor-widget-wrap elementor-element-populated\">\n\t\t\t\t\t\t<div class=\"elementor-element elementor-element-3517969 elementor-widget elementor-widget-text-editor\" data-id=\"3517969\" data-element_type=\"widget\" data-e-type=\"widget\" data-widget_type=\"text-editor.default\">\n\t\t\t\t<div class=\"elementor-widget-container\">\n\t\t\t\t\t\t\t\t\t<p>O processo de compra na <strong>Loja da Elo Solu\u00e7\u00e3o<\/strong> ser\u00e1 regulado por meio deste documento. O usu\u00e1rio precisa ter conhecimento antes de finalizar seu pedido para aproveitar da melhor forma poss\u00edvel a facilidade oferecida por nossa site.<\/p><p><strong>1.<\/strong> Aquisi\u00e7\u00e3o e pagamento de produtos<\/p><p><strong>1.1.<\/strong> Os produtos podem ser adquiridos na Loja Elo Solu\u00e7\u00e3o atrav\u00e9s de um dos meios de pagamento oferecidos pelo Portal no momento do fechamento do carrinho virtual.<\/p><p><strong>1.2<\/strong>. Assim que o usu\u00e1rio concluir o pedido, este passar\u00e1 pelos est\u00e1gios a seguir, sendo poss\u00edvel a verifica\u00e7\u00e3o de seu andamento no site:<\/p><p><strong>a) AGUARDANDO:<\/strong> Comprova o registro do pedido nos sistemas Elo Solu\u00e7\u00e3o, A Elo Solu\u00e7\u00e3o ir\u00e1 conferir os dados cadastrais do Cliente e analisar\u00e1 o pagamento efetuado.<\/p><p><strong>b) PROCESSANDO:<\/strong> Significa que o pedido foi aprovado e encontra-se expedido e com o transportador;<\/p><p><strong>c) Pedido Cancelado:<\/strong> Impossibilidade de processamento do pedido por alguma raz\u00e3o espec\u00edfica, podendo variar entre:<\/p><p>I \u2013 N\u00e3o libera\u00e7\u00e3o em virtude de inconsist\u00eancia de algum dado ou informa\u00e7\u00e3o cadastral;<\/p><p>II \u2013 N\u00e3o aprova\u00e7\u00e3o do d\u00e9bito junto a Administradora do cart\u00e3o de cr\u00e9dito;<\/p><p>III \u2013 Aus\u00eancia de pagamento do boleto;<\/p><p>IV \u2013 Outros motivos supervenientes que impossibilitem o processamento do pedido.<\/p><p><strong>2. Modelos de Frete:<\/strong><\/p><p>Possu\u00edmos os seguintes modelos de frete:<\/p><p><strong>a) Frete Gr\u00e1tis<\/strong> &#8211; Apenas para algumas Regi\u00f5es do Estado de S\u00e3o Paulo, consulte seu CEP.<\/p><p><strong>b) A combinar:<\/strong> Ao selecionar o modelo &#8220;A combinar&#8221;, a equipe Elo Solu\u00e7\u00e3o ir\u00e1 contatar o cliente &#8211; em at\u00e9 1 dia \u00fatil, ap\u00f3s a aprova\u00e7\u00e3o do pagamento &#8211; para combinar o Frete.<\/p><p><strong>c) Retirar na loja:<\/strong> Ao selecionar o modelo &#8220;Retirar na Loja&#8221;, o cliente pode vir retirar seu produto, ou enviar uma transportadora, que ser\u00e1 respons\u00e1vel por enviar os produtos. Neste caso, o cliente deve entrar em contato e informar os dados da transportadora respons\u00e1vel.<\/p><p><strong>2.1.<\/strong> Os prazos, de envio e entrega, dependem da localidade do cliente. Verifique o prazo correto, antes de efetuar a compra do produto.<\/p><p><strong>2.2.<\/strong> Caso o pedido finalizado n\u00e3o puder ser entregue em raz\u00e3o de indisponibilidade de estoque, a Elo Solu\u00e7\u00e3o far\u00e1 contato com o comprador.<\/p><p><strong>3. Atendimento ao usu\u00e1rio<\/strong><\/p><p>Caso tenha qualquer d\u00favida em rela\u00e7\u00e3o ao presente documento, favor entrar em contato:<\/p><p><strong>a)<\/strong> Via WhatsApp, presente na Loja Elo Solu\u00e7\u00e3o. Hor\u00e1rio de Atendimento: de segunda a sexta, das 8h \u00e0s 18h.<\/p><p><strong>b)<\/strong> Pelo telefone <strong>(11) 3805-5537<\/strong> &#8211; de segunda a sexta, das 8h \u00e0s 18h.<\/p><p><strong>c)<\/strong> Pelo e-mail: <strong>contato@elosolucao.com.br<\/strong><\/p>\t\t\t\t\t\t\t\t<\/div>\n\t\t\t\t<\/div>\n\t\t\t\t\t<\/div>\n\t\t<\/div>\n\t\t\t\t\t<\/div>\n\t\t<\/section>\n\t\t\t\t\t<\/div>\n\t\t<\/div>\n\t\t\t\t\t<\/div>\n\t\t<\/section>\n\t\t\t\t<\/div>\n\t\t","protected":false},"excerpt":{"rendered":"<p>POL\u00cdTICA DE ENTREGA O processo de compra na Loja da Elo Solu\u00e7\u00e3o ser\u00e1 regulado por meio deste documento. O usu\u00e1rio precisa ter conhecimento antes de finalizar seu pedido para aproveitar da melhor forma poss\u00edvel a facilidade oferecida por nossa site. 1. Aquisi\u00e7\u00e3o e pagamento de produtos 1.1. Os produtos podem ser adquiridos na Loja Elo [&hellip;]<\/p>\n","protected":false},"author":1,"featured_media":0,"parent":0,"menu_order":0,"comment_status":"closed","ping_status":"closed","template":"","meta":{"footnotes":""},"class_list":["post-2566","page","type-page","status-publish","hentry"],"yoast_head":"<!-- This site is optimized with the Yoast SEO Premium plugin v22.0 (Yoast SEO v21.7) - https:\/\/yoast.com\/wordpress\/plugins\/seo\/ -->\n<title>Pol\u00edtica de Entrega - Elo Solu\u00e7\u00e3o<\/title>\n<meta name=\"robots\" content=\"index, follow, max-snippet:-1, max-image-preview:large, max-video-preview:-1\" \/>\n<link rel=\"canonical\" href=\"https:\/\/elosolucao.com.br\/loja\/politica-de-entrega\/\" \/>\n<meta property=\"og:locale\" content=\"pt_BR\" \/>\n<meta property=\"og:type\" content=\"article\" \/>\n<meta property=\"og:title\" content=\"Pol\u00edtica de Entrega\" \/>\n<meta property=\"og:description\" content=\"POL\u00cdTICA DE ENTREGA O processo de compra na Loja da Elo Solu\u00e7\u00e3o ser\u00e1 regulado por meio deste documento. O usu\u00e1rio precisa ter conhecimento antes de finalizar seu pedido para aproveitar da melhor forma poss\u00edvel a facilidade oferecida por nossa site. 1. Aquisi\u00e7\u00e3o e pagamento de produtos 1.1. Os produtos podem ser adquiridos na Loja Elo [&hellip;]\" \/>\n<meta property=\"og:url\" content=\"https:\/\/elosolucao.com.br\/loja\/politica-de-entrega\/\" \/>\n<meta property=\"og:site_name\" content=\"Elo Solu\u00e7\u00e3o\" \/>\n<meta property=\"article:publisher\" content=\"https:\/\/www.facebook.com\/elosolucao.br\" \/>\n<meta property=\"article:modified_time\" content=\"2021-07-06T20:33:23+00:00\" \/>\n<meta property=\"og:image\" content=\"https:\/\/elosolucao.com.br\/loja\/wp-content\/uploads\/2022\/03\/Fale-Conosco-1.png\" \/>\n\t<meta property=\"og:image:width\" content=\"400\" \/>\n\t<meta property=\"og:image:height\" content=\"400\" \/>\n\t<meta property=\"og:image:type\" content=\"image\/png\" \/>\n<meta name=\"twitter:card\" content=\"summary_large_image\" \/>\n<meta name=\"twitter:label1\" content=\"Est. tempo de leitura\" \/>\n\t<meta name=\"twitter:data1\" content=\"2 minutos\" \/>\n<script type=\"application\/ld+json\" class=\"yoast-schema-graph\">{\"@context\":\"https:\/\/schema.org\",\"@graph\":[{\"@type\":\"WebPage\",\"@id\":\"https:\/\/elosolucao.com.br\/loja\/politica-de-entrega\/\",\"url\":\"https:\/\/elosolucao.com.br\/loja\/politica-de-entrega\/\",\"name\":\"Pol\u00edtica de Entrega - Elo Solu\u00e7\u00e3o\",\"isPartOf\":{\"@id\":\"https:\/\/elosolucao.com.br\/loja\/#website\"},\"datePublished\":\"2021-07-06T20:26:43+00:00\",\"dateModified\":\"2021-07-06T20:33:23+00:00\",\"breadcrumb\":{\"@id\":\"https:\/\/elosolucao.com.br\/loja\/politica-de-entrega\/#breadcrumb\"},\"inLanguage\":\"pt-BR\",\"potentialAction\":[{\"@type\":\"ReadAction\",\"target\":[\"https:\/\/elosolucao.com.br\/loja\/politica-de-entrega\/\"]}]},{\"@type\":\"BreadcrumbList\",\"@id\":\"https:\/\/elosolucao.com.br\/loja\/politica-de-entrega\/#breadcrumb\",\"itemListElement\":[{\"@type\":\"ListItem\",\"position\":1,\"name\":\"In\u00edcio\",\"item\":\"https:\/\/elosolucao.com.br\/loja\/\"},{\"@type\":\"ListItem\",\"position\":2,\"name\":\"Pol\u00edtica de Entrega\"}]},{\"@type\":\"WebSite\",\"@id\":\"https:\/\/elosolucao.com.br\/loja\/#website\",\"url\":\"https:\/\/elosolucao.com.br\/loja\/\",\"name\":\"Elo Solu\u00e7\u00e3o\",\"description\":\"Entendendo sua necessidade e solucionando com Produtos.\",\"publisher\":{\"@id\":\"https:\/\/elosolucao.com.br\/loja\/#organization\"},\"potentialAction\":[{\"@type\":\"SearchAction\",\"target\":{\"@type\":\"EntryPoint\",\"urlTemplate\":\"https:\/\/elosolucao.com.br\/loja\/?s={search_term_string}\"},\"query-input\":\"required name=search_term_string\"}],\"inLanguage\":\"pt-BR\"},{\"@type\":\"Organization\",\"@id\":\"https:\/\/elosolucao.com.br\/loja\/#organization\",\"name\":\"Elo Solu\u00e7\u00e3o\",\"url\":\"https:\/\/elosolucao.com.br\/loja\/\",\"logo\":{\"@type\":\"ImageObject\",\"inLanguage\":\"pt-BR\",\"@id\":\"https:\/\/elosolucao.com.br\/loja\/#\/schema\/logo\/image\/\",\"url\":\"https:\/\/elosolucao.com.br\/loja\/wp-content\/uploads\/2021\/03\/Logo-sem-fundo.png\",\"contentUrl\":\"https:\/\/elosolucao.com.br\/loja\/wp-content\/uploads\/2021\/03\/Logo-sem-fundo.png\",\"width\":707,\"height\":353,\"caption\":\"Elo Solu\u00e7\u00e3o\"},\"image\":{\"@id\":\"https:\/\/elosolucao.com.br\/loja\/#\/schema\/logo\/image\/\"},\"sameAs\":[\"https:\/\/www.facebook.com\/elosolucao.br\",\"https:\/\/instagram.com\/elo_solucao\",\"https:\/\/www.youtube.com\/channel\/UCsSlrhz3DzWElX1ZcW2AIyg\/featured\"]}]}<\/script>\n<!-- \/ Yoast SEO Premium plugin. -->","yoast_head_json":{"title":"Pol\u00edtica de Entrega - Elo Solu\u00e7\u00e3o","robots":{"index":"index","follow":"follow","max-snippet":"max-snippet:-1","max-image-preview":"max-image-preview:large","max-video-preview":"max-video-preview:-1"},"canonical":"https:\/\/elosolucao.com.br\/loja\/politica-de-entrega\/","og_locale":"pt_BR","og_type":"article","og_title":"Pol\u00edtica de Entrega","og_description":"POL\u00cdTICA DE ENTREGA O processo de compra na Loja da Elo Solu\u00e7\u00e3o ser\u00e1 regulado por meio deste documento. O usu\u00e1rio precisa ter conhecimento antes de finalizar seu pedido para aproveitar da melhor forma poss\u00edvel a facilidade oferecida por nossa site. 1. Aquisi\u00e7\u00e3o e pagamento de produtos 1.1. Os produtos podem ser adquiridos na Loja Elo [&hellip;]","og_url":"https:\/\/elosolucao.com.br\/loja\/politica-de-entrega\/","og_site_name":"Elo Solu\u00e7\u00e3o","article_publisher":"https:\/\/www.facebook.com\/elosolucao.br","article_modified_time":"2021-07-06T20:33:23+00:00","og_image":[{"width":400,"height":400,"url":"https:\/\/elosolucao.com.br\/loja\/wp-content\/uploads\/2022\/03\/Fale-Conosco-1.png","type":"image\/png"}],"twitter_card":"summary_large_image","twitter_misc":{"Est. tempo de leitura":"2 minutos"},"schema":{"@context":"https:\/\/schema.org","@graph":[{"@type":"WebPage","@id":"https:\/\/elosolucao.com.br\/loja\/politica-de-entrega\/","url":"https:\/\/elosolucao.com.br\/loja\/politica-de-entrega\/","name":"Pol\u00edtica de Entrega - Elo Solu\u00e7\u00e3o","isPartOf":{"@id":"https:\/\/elosolucao.com.br\/loja\/#website"},"datePublished":"2021-07-06T20:26:43+00:00","dateModified":"2021-07-06T20:33:23+00:00","breadcrumb":{"@id":"https:\/\/elosolucao.com.br\/loja\/politica-de-entrega\/#breadcrumb"},"inLanguage":"pt-BR","potentialAction":[{"@type":"ReadAction","target":["https:\/\/elosolucao.com.br\/loja\/politica-de-entrega\/"]}]},{"@type":"BreadcrumbList","@id":"https:\/\/elosolucao.com.br\/loja\/politica-de-entrega\/#breadcrumb","itemListElement":[{"@type":"ListItem","position":1,"name":"In\u00edcio","item":"https:\/\/elosolucao.com.br\/loja\/"},{"@type":"ListItem","position":2,"name":"Pol\u00edtica de Entrega"}]},{"@type":"WebSite","@id":"https:\/\/elosolucao.com.br\/loja\/#website","url":"https:\/\/elosolucao.com.br\/loja\/","name":"Elo Solu\u00e7\u00e3o","description":"Entendendo sua necessidade e solucionando com Produtos.","publisher":{"@id":"https:\/\/elosolucao.com.br\/loja\/#organization"},"potentialAction":[{"@type":"SearchAction","target":{"@type":"EntryPoint","urlTemplate":"https:\/\/elosolucao.com.br\/loja\/?s={search_term_string}"},"query-input":"required name=search_term_string"}],"inLanguage":"pt-BR"},{"@type":"Organization","@id":"https:\/\/elosolucao.com.br\/loja\/#organization","name":"Elo Solu\u00e7\u00e3o","url":"https:\/\/elosolucao.com.br\/loja\/","logo":{"@type":"ImageObject","inLanguage":"pt-BR","@id":"https:\/\/elosolucao.com.br\/loja\/#\/schema\/logo\/image\/","url":"https:\/\/elosolucao.com.br\/loja\/wp-content\/uploads\/2021\/03\/Logo-sem-fundo.png","contentUrl":"https:\/\/elosolucao.com.br\/loja\/wp-content\/uploads\/2021\/03\/Logo-sem-fundo.png","width":707,"height":353,"caption":"Elo Solu\u00e7\u00e3o"},"image":{"@id":"https:\/\/elosolucao.com.br\/loja\/#\/schema\/logo\/image\/"},"sameAs":["https:\/\/www.facebook.com\/elosolucao.br","https:\/\/instagram.com\/elo_solucao","https:\/\/www.youtube.com\/channel\/UCsSlrhz3DzWElX1ZcW2AIyg\/featured"]}]}},"_links":{"self":[{"href":"https:\/\/elosolucao.com.br\/loja\/wp-json\/wp\/v2\/pages\/2566","targetHints":{"allow":["GET"]}}],"collection":[{"href":"https:\/\/elosolucao.com.br\/loja\/wp-json\/wp\/v2\/pages"}],"about":[{"href":"https:\/\/elosolucao.com.br\/loja\/wp-json\/wp\/v2\/types\/page"}],"author":[{"embeddable":true,"href":"https:\/\/elosolucao.com.br\/loja\/wp-json\/wp\/v2\/users\/1"}],"replies":[{"embeddable":true,"href":"https:\/\/elosolucao.com.br\/loja\/wp-json\/wp\/v2\/comments?post=2566"}],"version-history":[{"count":0,"href":"https:\/\/elosolucao.com.br\/loja\/wp-json\/wp\/v2\/pages\/2566\/revisions"}],"wp:attachment":[{"href":"https:\/\/elosolucao.com.br\/loja\/wp-json\/wp\/v2\/media?parent=2566"}],"curies":[{"name":"wp","href":"https:\/\/api.w.org\/{rel}","templated":true}]}}